{"id":457526,"date":"2024-10-22T13:19:09","date_gmt":"2024-10-22T18:19:09","guid":{"rendered":"https:\/\/www.medellin.gov.co\/es\/?post_type=programas&#038;p=457526"},"modified":"2025-09-22T13:25:57","modified_gmt":"2025-09-22T18:25:57","slug":"participacion-y-democracia-joven","status":"publish","type":"programas","link":"https:\/\/www.medellin.gov.co\/es\/programas\/participacion-y-democracia-joven\/","title":{"rendered":"Participaci\u00f3n y democracia joven"},"content":{"rendered":"<p><strong>Descripci\u00f3n:<\/strong> Este programa busca promover la visibilizaci\u00f3n, incidencia en espacios de participaci\u00f3n, civismo y liderazgo que fortalezca los proyectos de vida de los y las j\u00f3venes del Distrito Especial de Ciencia, Tecnolog\u00eda e Innovaci\u00f3n de Medell\u00edn.<\/p>\n<p><strong>Objetivo:<\/strong> Promover la participaci\u00f3n de los y las j\u00f3venes en instancias y escenarios que permitan garantizar su reconocimiento como actores transformadores en Distrito Especial de Ciencia, Tecnolog\u00eda e Innovaci\u00f3n de Medell\u00edn.<\/p>\n","protected":false},"featured_media":395751,"template":"","meta":[],"categories":[12,16],"tags":[437,725,450],"acf":[],"_links":{"self":[{"href":"https:\/\/www.medellin.gov.co\/es\/wp-json\/wp\/v2\/programas\/457526"}],"collection":[{"href":"https:\/\/www.medellin.gov.co\/es\/wp-json\/wp\/v2\/programas"}],"about":[{"href":"https:\/\/www.medellin.gov.co\/es\/wp-json\/wp\/v2\/types\/programas"}],"version-history":[{"count":1,"href":"https:\/\/www.medellin.gov.co\/es\/wp-json\/wp\/v2\/programas\/457526\/revisions"}],"predecessor-version":[{"id":457528,"href":"https:\/\/www.medellin.gov.co\/es\/wp-json\/wp\/v2\/programas\/457526\/revisions\/457528"}],"wp:featuredmedia":[{"embeddable":true,"href":"https:\/\/www.medellin.gov.co\/es\/wp-json\/wp\/v2\/media\/395751"}],"wp:attachment":[{"href":"https:\/\/www.medellin.gov.co\/es\/wp-json\/wp\/v2\/media?parent=457526"}],"wp:term":[{"taxonomy":"category","embeddable":true,"href":"https:\/\/www.medellin.gov.co\/es\/wp-json\/wp\/v2\/categories?post=457526"},{"taxonomy":"post_tag","embeddable":true,"href":"https:\/\/www.medellin.gov.co\/es\/wp-json\/wp\/v2\/tags?post=457526"}],"curies":[{"name":"wp","href":"https:\/\/api.w.org\/{rel}","templated":true}]}}

Participación y democracia joven

<p><strong>Descripción:</strong> Este programa busca promover la visibilización, incidencia en espacios de participación, civismo y liderazgo que fortalezca los proyectos de vida de los y las jóvenes del Distrito Especial de Ciencia, Tecnología e Innovación de Medellín.</p>
<p><strong>Objetivo:</strong> Promover la participación de los y las jóvenes en instancias y escenarios que permitan garantizar su reconocimiento como actores transformadores en Distrito Especial de Ciencia, Tecnología e Innovación de Medellín.</p>
