{"id":380445,"date":"2025-01-09T14:34:09","date_gmt":"2025-01-09T19:34:09","guid":{"rendered":"https:\/\/www.medellin.gov.co\/es\/?post_type=proyectos&#038;p=380445"},"modified":"2025-01-09T14:34:09","modified_gmt":"2025-01-09T19:34:09","slug":"ecosistema-para-la-primera-infancia","status":"publish","type":"proyectos","link":"https:\/\/www.medellin.gov.co\/es\/proyectos\/ecosistema-para-la-primera-infancia\/","title":{"rendered":"Ecosistema para la Primera Infancia"},"content":{"rendered":"<p><strong>Descripci\u00f3n:\u00a0<\/strong>Fortalece, direcciona y actualiza las alianzas estrat\u00e9gicas en el marco de la gobernanza de la Pol\u00edtica P\u00fablica de Primera Infancia, que permiten un trabajo articulado, interinstitucional e intersectorial, para el desarrollo de acciones intencionadas y efectivas encaminadas a asegurar que en cada uno de los entornos en los que transcurre la vida de ni\u00f1as y ni\u00f1os de primera infancia, se promuevan condiciones dignas, humanas, sociales y afectivas, ampliando la integralidad y calidad en la atenci\u00f3n, para garantizar con amor, la promoci\u00f3n, protecci\u00f3n y potenciaci\u00f3n de su desarrollo.<\/p>\n<p>De igual manera, con este programa se promueven acciones de movilizaci\u00f3n social, formaci\u00f3n, cualificaci\u00f3n, acompa\u00f1amiento y bienestar para los agentes educativos, as\u00ed como procesos de apoyo administrativos, de gesti\u00f3n del conocimiento, log\u00edsticos, de equipamiento, mantenimiento f\u00edsico y dotaci\u00f3n de sedes que apoyan la ejecuci\u00f3n de estrategias y proyectos, incluyendo la construcci\u00f3n o mejora de la infraestructura para la prestaci\u00f3n de servicios a la primera infancia del Distrito.<\/p>\n<p><strong>Objetivo:<\/strong> Mejorar las condiciones para el desarrollo integral de la primera infancia en el Distrito de Medell\u00edn.<\/p>\n","protected":false},"featured_media":172282,"template":"","categories":[4,533],"tags":[],"programas_tax":[],"acf":[],"_links":{"self":[{"href":"https:\/\/www.medellin.gov.co\/es\/wp-json\/wp\/v2\/proyectos\/380445"}],"collection":[{"href":"https:\/\/www.medellin.gov.co\/es\/wp-json\/wp\/v2\/proyectos"}],"about":[{"href":"https:\/\/www.medellin.gov.co\/es\/wp-json\/wp\/v2\/types\/proyectos"}],"wp:featuredmedia":[{"embeddable":true,"href":"https:\/\/www.medellin.gov.co\/es\/wp-json\/wp\/v2\/media\/172282"}],"wp:attachment":[{"href":"https:\/\/www.medellin.gov.co\/es\/wp-json\/wp\/v2\/media?parent=380445"}],"wp:term":[{"taxonomy":"category","embeddable":true,"href":"https:\/\/www.medellin.gov.co\/es\/wp-json\/wp\/v2\/categories?post=380445"},{"taxonomy":"post_tag","embeddable":true,"href":"https:\/\/www.medellin.gov.co\/es\/wp-json\/wp\/v2\/tags?post=380445"},{"taxonomy":"programas_tax","embeddable":true,"href":"https:\/\/www.medellin.gov.co\/es\/wp-json\/wp\/v2\/programas_tax?post=380445"}],"curies":[{"name":"wp","href":"https:\/\/api.w.org\/{rel}","templated":true}]}}

<p><strong>Descripción: </strong>Fortalece, direcciona y actualiza las alianzas estratégicas en el marco de la gobernanza de la Política Pública de Primera Infancia, que permiten un trabajo articulado, interinstitucional e intersectorial, para el desarrollo de acciones intencionadas y efectivas encaminadas a asegurar que en cada uno de los entornos en los que transcurre la vida de niñas y niños de primera infancia, se promuevan condiciones dignas, humanas, sociales y afectivas, ampliando la integralidad y calidad en la atención, para garantizar con amor, la promoción, protección y potenciación de su desarrollo.</p>
<p>De igual manera, con este programa se promueven acciones de movilización social, formación, cualificación, acompañamiento y bienestar para los agentes educativos, así como procesos de apoyo administrativos, de gestión del conocimiento, logísticos, de equipamiento, mantenimiento físico y dotación de sedes que apoyan la ejecución de estrategias y proyectos, incluyendo la construcción o mejora de la infraestructura para la prestación de servicios a la primera infancia del Distrito.</p>
<p><strong>Objetivo:</strong> Mejorar las condiciones para el desarrollo integral de la primera infancia en el Distrito de Medellín.</p>
