{"id":44112,"date":"2022-01-11T19:31:55","date_gmt":"2022-01-12T00:31:55","guid":{"rendered":"https:\/\/www.medellin.gov.co\/es\/proyectos\/prestacion-del-servicio-educativo-por-cobertura\/"},"modified":"2022-01-11T19:31:55","modified_gmt":"2022-01-12T00:31:55","slug":"prestacion-del-servicio-educativo-por-cobertura","status":"publish","type":"proyectos","link":"https:\/\/www.medellin.gov.co\/es\/proyectos\/prestacion-del-servicio-educativo-por-cobertura\/","title":{"rendered":"Prestaci\u00f3n del Servicio Educativo por Cobertura"},"content":{"rendered":"<p>Garantizar la prestaci\u00f3n del servicio educativo a la poblaci\u00f3n en edad escolar, extraedad y adultos por cobertura educativa contratada.<\/p>\n<p>Alternativa:<\/p>\n<p>La Secretar\u00eda de Educaci\u00f3n de Medell\u00edn por medio del estudio de insuficiencia y limitaciones realizado durante cada vigencia, analiza la oferta p\u00fablica y la demanda en cada una de las comunas de la ciudad, de acuerdo al resultado se determina la necesidad de la oferta de cupos, la cual se realiza a trav\u00e9s de la contrataci\u00f3n de la prestaci\u00f3n del servicio educativo con establecimiento educativos no oficiales y confesiones religiosas, para la poblaci\u00f3n en edad regular, adultos y extraedad, de acuerdo a la normatividad vigente y los lineamientos que proporciona el Ministerio de Educaci\u00f3n Nacional a las Entidades Territoriales Certificadas en Educaci\u00f3n.<\/p>\n<p>De acuerdo a lo anterior se desarrollan los siguientes componentes o actividades:<\/p>\n<ul>\n<li>Atender la demanda por servicios de cobertura educativa en educaci\u00f3n regular, adultos y extraedad.<\/li>\n<li>Realizar todas las actividades de apoyo log\u00edstico, administrativo, financiero y de supervisi\u00f3n.<\/li>\n<\/ul>\n","protected":false},"featured_media":32452,"template":"","categories":[4],"tags":[444,431,443],"programas_tax":[319],"acf":[],"_links":{"self":[{"href":"https:\/\/www.medellin.gov.co\/es\/wp-json\/wp\/v2\/proyectos\/44112"}],"collection":[{"href":"https:\/\/www.medellin.gov.co\/es\/wp-json\/wp\/v2\/proyectos"}],"about":[{"href":"https:\/\/www.medellin.gov.co\/es\/wp-json\/wp\/v2\/types\/proyectos"}],"wp:featuredmedia":[{"embeddable":true,"href":"https:\/\/www.medellin.gov.co\/es\/wp-json\/wp\/v2\/media\/32452"}],"wp:attachment":[{"href":"https:\/\/www.medellin.gov.co\/es\/wp-json\/wp\/v2\/media?parent=44112"}],"wp:term":[{"taxonomy":"category","embeddable":true,"href":"https:\/\/www.medellin.gov.co\/es\/wp-json\/wp\/v2\/categories?post=44112"},{"taxonomy":"post_tag","embeddable":true,"href":"https:\/\/www.medellin.gov.co\/es\/wp-json\/wp\/v2\/tags?post=44112"},{"taxonomy":"programas_tax","embeddable":true,"href":"https:\/\/www.medellin.gov.co\/es\/wp-json\/wp\/v2\/programas_tax?post=44112"}],"curies":[{"name":"wp","href":"https:\/\/api.w.org\/{rel}","templated":true}]}}

Prestación del Servicio Educativo por Cobertura

<p>Garantizar la prestación del servicio educativo a la población en edad escolar, extraedad y adultos por cobertura educativa contratada.</p>
<p>Alternativa:</p>
<p>La Secretaría de Educación de Medellín por medio del estudio de insuficiencia y limitaciones realizado durante cada vigencia, analiza la oferta pública y la demanda en cada una de las comunas de la ciudad, de acuerdo al resultado se determina la necesidad de la oferta de cupos, la cual se realiza a través de la contratación de la prestación del servicio educativo con establecimiento educativos no oficiales y confesiones religiosas, para la población en edad regular, adultos y extraedad, de acuerdo a la normatividad vigente y los lineamientos que proporciona el Ministerio de Educación Nacional a las Entidades Territoriales Certificadas en Educación.</p>
<p>De acuerdo a lo anterior se desarrollan los siguientes componentes o actividades:</p>
<ul>
<li>Atender la demanda por servicios de cobertura educativa en educación regular, adultos y extraedad.</li>
<li>Realizar todas las actividades de apoyo logístico, administrativo, financiero y de supervisión.</li>
</ul>
