{"id":44191,"date":"2022-01-11T19:32:13","date_gmt":"2022-01-12T00:32:13","guid":{"rendered":"https:\/\/www.medellin.gov.co\/es\/proyectos\/fortalecimiento-de-los-procesos-participativos-organizativos-y-de-movilizacion-social-de-las-mujeres\/"},"modified":"2022-01-11T19:32:13","modified_gmt":"2022-01-12T00:32:13","slug":"fortalecimiento-de-los-procesos-participativos-organizativos-y-de-movilizacion-social-de-las-mujeres","status":"publish","type":"proyectos","link":"https:\/\/www.medellin.gov.co\/es\/proyectos\/fortalecimiento-de-los-procesos-participativos-organizativos-y-de-movilizacion-social-de-las-mujeres\/","title":{"rendered":"Fortalecimiento de los Procesos Participativos, Organizativos y de Movilizaci\u00f3n Social de las Mujeres"},"content":{"rendered":"<p>\n  Promover la participaci\u00f3n, la cualificaci\u00f3n social y pol\u00edtica, y el empoderamiento de las mujeres, j\u00f3venes y ni\u00f1as como sujetas pol\u00edticas.\n<\/p>\n<ul>\n<li>Fortalecer los procesos organizativos y de movilizaci\u00f3n pol\u00edtica, civil y social de las mujeres, mediante estrategias que favorezcan su organizaci\u00f3n, la consolidaci\u00f3n y el apoyo a sus expresiones de ciudadan\u00eda plena, con especial \u00e9nfasis en las afectaciones al tejido social y las apuestas de reconstrucci\u00f3n a ra\u00edz de la emergencia del COVID-19.<\/li>\n<li>Promover y fortalecer los procesos ciudadanos de las mujeres en pro de la paz territorial, mediante el acompa\u00f1amiento a la implementaci\u00f3n de sus agendas de paz, procesos de resistencia y el reconocimiento de sus iniciativas de paz y sus liderazgos.<\/li>\n<\/ul>\n","protected":false},"featured_media":32794,"template":"","categories":[15],"tags":[435,426,450,443],"programas_tax":[351],"acf":[],"_links":{"self":[{"href":"https:\/\/www.medellin.gov.co\/es\/wp-json\/wp\/v2\/proyectos\/44191"}],"collection":[{"href":"https:\/\/www.medellin.gov.co\/es\/wp-json\/wp\/v2\/proyectos"}],"about":[{"href":"https:\/\/www.medellin.gov.co\/es\/wp-json\/wp\/v2\/types\/proyectos"}],"wp:featuredmedia":[{"embeddable":true,"href":"https:\/\/www.medellin.gov.co\/es\/wp-json\/wp\/v2\/media\/32794"}],"wp:attachment":[{"href":"https:\/\/www.medellin.gov.co\/es\/wp-json\/wp\/v2\/media?parent=44191"}],"wp:term":[{"taxonomy":"category","embeddable":true,"href":"https:\/\/www.medellin.gov.co\/es\/wp-json\/wp\/v2\/categories?post=44191"},{"taxonomy":"post_tag","embeddable":true,"href":"https:\/\/www.medellin.gov.co\/es\/wp-json\/wp\/v2\/tags?post=44191"},{"taxonomy":"programas_tax","embeddable":true,"href":"https:\/\/www.medellin.gov.co\/es\/wp-json\/wp\/v2\/programas_tax?post=44191"}],"curies":[{"name":"wp","href":"https:\/\/api.w.org\/{rel}","templated":true}]}}

Fortalecimiento de los Procesos Participativos, Organizativos y de Movilización Social de las Mujeres

<p>
  Promover la participación, la cualificación social y política, y el empoderamiento de las mujeres, jóvenes y niñas como sujetas políticas.
</p>
<ul>
<li>Fortalecer los procesos organizativos y de movilización política, civil y social de las mujeres, mediante estrategias que favorezcan su organización, la consolidación y el apoyo a sus expresiones de ciudadanía plena, con especial énfasis en las afectaciones al tejido social y las apuestas de reconstrucción a raíz de la emergencia del COVID-19.</li>
<li>Promover y fortalecer los procesos ciudadanos de las mujeres en pro de la paz territorial, mediante el acompañamiento a la implementación de sus agendas de paz, procesos de resistencia y el reconocimiento de sus iniciativas de paz y sus liderazgos.</li>
</ul>
