{"id":44192,"date":"2022-01-11T19:32:13","date_gmt":"2022-01-12T00:32:13","guid":{"rendered":"https:\/\/www.medellin.gov.co\/es\/proyectos\/generacion-de-espacios-publicos-seguros-para-las-mujeres-y-las-ninas\/"},"modified":"2022-01-11T19:32:13","modified_gmt":"2022-01-12T00:32:13","slug":"generacion-de-espacios-publicos-seguros-para-las-mujeres-y-las-ninas","status":"publish","type":"proyectos","link":"https:\/\/www.medellin.gov.co\/es\/proyectos\/generacion-de-espacios-publicos-seguros-para-las-mujeres-y-las-ninas\/","title":{"rendered":"Generaci\u00f3n de Espacios P\u00fablicos Seguros para las Mujeres y las Ni\u00f1as"},"content":{"rendered":"<p>\n  Implementar acciones pedag\u00f3gicas de comunicaci\u00f3n p\u00fablica, de movilizaci\u00f3n social y de articulaci\u00f3n interinstitucional, dirigidas a habitantes, actores institucionales y socios estrat\u00e9gicos que se encuentran en el territorio, para generar reflexi\u00f3n y movilizaci\u00f3n en contra de cualquier forma de violencia contra las mujeres y las ni\u00f1as, especialmente el acoso y la violencia sexual que las afectan en el espacio p\u00fablico; buscando posicionar en el imaginario social una cultura de respeto de los derechos humanos de las mujeres, haciendo \u00e9nfasis en la promoci\u00f3n del derecho de las mujeres a una vida libre de violencias.<\/p>\n","protected":false},"featured_media":31211,"template":"","categories":[15],"tags":[451,435,426,443],"programas_tax":[352],"acf":[],"_links":{"self":[{"href":"https:\/\/www.medellin.gov.co\/es\/wp-json\/wp\/v2\/proyectos\/44192"}],"collection":[{"href":"https:\/\/www.medellin.gov.co\/es\/wp-json\/wp\/v2\/proyectos"}],"about":[{"href":"https:\/\/www.medellin.gov.co\/es\/wp-json\/wp\/v2\/types\/proyectos"}],"wp:featuredmedia":[{"embeddable":true,"href":"https:\/\/www.medellin.gov.co\/es\/wp-json\/wp\/v2\/media\/31211"}],"wp:attachment":[{"href":"https:\/\/www.medellin.gov.co\/es\/wp-json\/wp\/v2\/media?parent=44192"}],"wp:term":[{"taxonomy":"category","embeddable":true,"href":"https:\/\/www.medellin.gov.co\/es\/wp-json\/wp\/v2\/categories?post=44192"},{"taxonomy":"post_tag","embeddable":true,"href":"https:\/\/www.medellin.gov.co\/es\/wp-json\/wp\/v2\/tags?post=44192"},{"taxonomy":"programas_tax","embeddable":true,"href":"https:\/\/www.medellin.gov.co\/es\/wp-json\/wp\/v2\/programas_tax?post=44192"}],"curies":[{"name":"wp","href":"https:\/\/api.w.org\/{rel}","templated":true}]}}

Generación de Espacios Públicos Seguros para las Mujeres y las Niñas

<p>
  Implementar acciones pedagógicas de comunicación pública, de movilización social y de articulación interinstitucional, dirigidas a habitantes, actores institucionales y socios estratégicos que se encuentran en el territorio, para generar reflexión y movilización en contra de cualquier forma de violencia contra las mujeres y las niñas, especialmente el acoso y la violencia sexual que las afectan en el espacio público; buscando posicionar en el imaginario social una cultura de respeto de los derechos humanos de las mujeres, haciendo énfasis en la promoción del derecho de las mujeres a una vida libre de violencias.</p>
