{"id":44194,"date":"2022-01-11T19:32:13","date_gmt":"2022-01-12T00:32:13","guid":{"rendered":"https:\/\/www.medellin.gov.co\/es\/proyectos\/diseno-y-primera-fase-de-implementacion-de-un-sistema-municipal-de-cuidados-con-enfoque-de-genero-y-derechos\/"},"modified":"2022-01-11T19:32:13","modified_gmt":"2022-01-12T00:32:13","slug":"diseno-y-primera-fase-de-implementacion-de-un-sistema-municipal-de-cuidados-con-enfoque-de-genero-y-derechos","status":"publish","type":"proyectos","link":"https:\/\/www.medellin.gov.co\/es\/proyectos\/diseno-y-primera-fase-de-implementacion-de-un-sistema-municipal-de-cuidados-con-enfoque-de-genero-y-derechos\/","title":{"rendered":"Dise\u00f1o y Primera Fase de Implementaci\u00f3n de un Sistema Municipal de Cuidados con Enfoque de G\u00e9nero y Derechos"},"content":{"rendered":"<p>\n  Dise\u00f1ar un Sistema Municipal de Cuidados con un enfoque de igualdad de g\u00e9nero y de derechos que articulen la demanda y la oferta de cuidados de la ciudad de Medell\u00edn, preferiblemente los servicios dedicados al cuidado de ni\u00f1os y ni\u00f1as, personas enfermas, adultos\/as mayores y personas en situaci\u00f3n de discapacidad; y as\u00ed avanzar en la primera fase de la implementaci\u00f3n.<\/p>\n","protected":false},"featured_media":32796,"template":"","categories":[15],"tags":[451,435,443,452],"programas_tax":[],"acf":[],"_links":{"self":[{"href":"https:\/\/www.medellin.gov.co\/es\/wp-json\/wp\/v2\/proyectos\/44194"}],"collection":[{"href":"https:\/\/www.medellin.gov.co\/es\/wp-json\/wp\/v2\/proyectos"}],"about":[{"href":"https:\/\/www.medellin.gov.co\/es\/wp-json\/wp\/v2\/types\/proyectos"}],"wp:featuredmedia":[{"embeddable":true,"href":"https:\/\/www.medellin.gov.co\/es\/wp-json\/wp\/v2\/media\/32796"}],"wp:attachment":[{"href":"https:\/\/www.medellin.gov.co\/es\/wp-json\/wp\/v2\/media?parent=44194"}],"wp:term":[{"taxonomy":"category","embeddable":true,"href":"https:\/\/www.medellin.gov.co\/es\/wp-json\/wp\/v2\/categories?post=44194"},{"taxonomy":"post_tag","embeddable":true,"href":"https:\/\/www.medellin.gov.co\/es\/wp-json\/wp\/v2\/tags?post=44194"},{"taxonomy":"programas_tax","embeddable":true,"href":"https:\/\/www.medellin.gov.co\/es\/wp-json\/wp\/v2\/programas_tax?post=44194"}],"curies":[{"name":"wp","href":"https:\/\/api.w.org\/{rel}","templated":true}]}}

Diseño y Primera Fase de Implementación de un Sistema Municipal de Cuidados con Enfoque de Género y Derechos

<p>
  Diseñar un Sistema Municipal de Cuidados con un enfoque de igualdad de género y de derechos que articulen la demanda y la oferta de cuidados de la ciudad de Medellín, preferiblemente los servicios dedicados al cuidado de niños y niñas, personas enfermas, adultos/as mayores y personas en situación de discapacidad; y así avanzar en la primera fase de la implementación.</p>
