{"id":44225,"date":"2022-01-11T19:32:18","date_gmt":"2022-01-12T00:32:18","guid":{"rendered":"https:\/\/www.medellin.gov.co\/es\/proyectos\/implementacion-y-seguimiento-de-la-politica-publica-social-para-los-habitantes-de-calle\/"},"modified":"2025-08-27T14:29:47","modified_gmt":"2025-08-27T19:29:47","slug":"habitantes-de-y-en-calle-con-atencion-e-inclusion-social","status":"publish","type":"proyectos","link":"https:\/\/www.medellin.gov.co\/es\/proyectos\/habitantes-de-y-en-calle-con-atencion-e-inclusion-social\/","title":{"rendered":"Habitantes de y en calle con atenci\u00f3n e inclusi\u00f3n social"},"content":{"rendered":"<p><strong>Descripci\u00f3n<\/strong>: Es una iniciativa de la administraci\u00f3n distrital, direccionada para brindar acompa\u00f1amiento a ciudadanos hombres y mujeres mayores de 18 a\u00f1os Habitantes de y en Calle, que residen en el Distrito de Medell\u00edn, con el prop\u00f3sito de restablecer sus derechos fundamentales y aportar a la reducci\u00f3n del da\u00f1o ocasionado por sus condiciones de vida, deterioro f\u00edsico y cognitivo. Todo ello, mediante la atenci\u00f3n b\u00e1sica (autocuidado, alimentaci\u00f3n, dormitorio y salud), atenci\u00f3n diferencial para j\u00f3venes adultos, procesos de resocializaci\u00f3n, atenci\u00f3n en albergue por causas relacionadas con afectaciones en salud, enfermedades infectocontagiosas y necesidades especiales. Adem\u00e1s, se brindar\u00e1 atenci\u00f3n diferencial a la poblaci\u00f3n que presenta trastorno mental y\/o discapacidad f\u00edsica. De igual manera, se realizar\u00e1 acompa\u00f1amiento a los ciudadanos(as) que superen su condici\u00f3n de calle, para que una vez reintegrados a la sociedad y\/o la familia, puedan mantener sus logros.<\/p>\n<p><strong>Objetivo<\/strong>: Implementar estrategias para la protecci\u00f3n y restablecimiento de derechos de los ciudadanos(as) habitantes de y en calle del Distrito de Medell\u00edn, propiciando procesos de resocializaci\u00f3n y revinculaci\u00f3n social, laboral y familiar.<\/p>\n<p>&nbsp;<\/p>\n","protected":false},"featured_media":32828,"template":"","categories":[706],"tags":[437,451,435,443],"programas_tax":[360],"acf":[],"_links":{"self":[{"href":"https:\/\/www.medellin.gov.co\/es\/wp-json\/wp\/v2\/proyectos\/44225"}],"collection":[{"href":"https:\/\/www.medellin.gov.co\/es\/wp-json\/wp\/v2\/proyectos"}],"about":[{"href":"https:\/\/www.medellin.gov.co\/es\/wp-json\/wp\/v2\/types\/proyectos"}],"wp:featuredmedia":[{"embeddable":true,"href":"https:\/\/www.medellin.gov.co\/es\/wp-json\/wp\/v2\/media\/32828"}],"wp:attachment":[{"href":"https:\/\/www.medellin.gov.co\/es\/wp-json\/wp\/v2\/media?parent=44225"}],"wp:term":[{"taxonomy":"category","embeddable":true,"href":"https:\/\/www.medellin.gov.co\/es\/wp-json\/wp\/v2\/categories?post=44225"},{"taxonomy":"post_tag","embeddable":true,"href":"https:\/\/www.medellin.gov.co\/es\/wp-json\/wp\/v2\/tags?post=44225"},{"taxonomy":"programas_tax","embeddable":true,"href":"https:\/\/www.medellin.gov.co\/es\/wp-json\/wp\/v2\/programas_tax?post=44225"}],"curies":[{"name":"wp","href":"https:\/\/api.w.org\/{rel}","templated":true}]}}

Habitantes de y en calle con atención e inclusión social

<p><strong>Descripción</strong>: Es una iniciativa de la administración distrital, direccionada para brindar acompañamiento a ciudadanos hombres y mujeres mayores de 18 años Habitantes de y en Calle, que residen en el Distrito de Medellín, con el propósito de restablecer sus derechos fundamentales y aportar a la reducción del daño ocasionado por sus condiciones de vida, deterioro físico y cognitivo. Todo ello, mediante la atención básica (autocuidado, alimentación, dormitorio y salud), atención diferencial para jóvenes adultos, procesos de resocialización, atención en albergue por causas relacionadas con afectaciones en salud, enfermedades infectocontagiosas y necesidades especiales. Además, se brindará atención diferencial a la población que presenta trastorno mental y/o discapacidad física. De igual manera, se realizará acompañamiento a los ciudadanos(as) que superen su condición de calle, para que una vez reintegrados a la sociedad y/o la familia, puedan mantener sus logros.</p>
<p><strong>Objetivo</strong>: Implementar estrategias para la protección y restablecimiento de derechos de los ciudadanos(as) habitantes de y en calle del Distrito de Medellín, propiciando procesos de resocialización y revinculación social, laboral y familiar.</p>
<p>&nbsp;</p>
