{"id":44242,"date":"2022-01-11T19:32:22","date_gmt":"2022-01-12T00:32:22","guid":{"rendered":"https:\/\/www.medellin.gov.co\/es\/proyectos\/ampliacion-y-mejoramiento-de-la-red-de-semaforizacion\/"},"modified":"2022-01-11T19:32:22","modified_gmt":"2022-01-12T00:32:22","slug":"ampliacion-y-mejoramiento-de-la-red-de-semaforizacion","status":"publish","type":"proyectos","link":"https:\/\/www.medellin.gov.co\/es\/proyectos\/ampliacion-y-mejoramiento-de-la-red-de-semaforizacion\/","title":{"rendered":"Ampliaci\u00f3n y Mejoramiento de la Red de Semaforizaci\u00f3n"},"content":{"rendered":"<p>\n  El avance corresponde al mantenimiento de 685 cruces semaf\u00f3ricos. El proceso de contrataci\u00f3n 2021 est\u00e1 en desarrollo de publicaci\u00f3n y se espera iniciar en septiembre de 2021.\n<\/p>\n<p>\n  Debido a los actos de vandalismo de los \u00faltimos dos meses el 12,5 % del amueblamiento se ha visto afectado. Se adicionaron recursos con este proyecto al contrato 2020 para el mantenimiento de la red, debido al vandalismo por las marchas. Adicionalmente, se incorporaron 8 nuevos cruces semaf\u00f3ricos por proyecto de ciudad.<\/p>\n","protected":false},"featured_media":32846,"template":"","categories":[14],"tags":[441,447,443],"programas_tax":[365],"acf":[],"_links":{"self":[{"href":"https:\/\/www.medellin.gov.co\/es\/wp-json\/wp\/v2\/proyectos\/44242"}],"collection":[{"href":"https:\/\/www.medellin.gov.co\/es\/wp-json\/wp\/v2\/proyectos"}],"about":[{"href":"https:\/\/www.medellin.gov.co\/es\/wp-json\/wp\/v2\/types\/proyectos"}],"wp:featuredmedia":[{"embeddable":true,"href":"https:\/\/www.medellin.gov.co\/es\/wp-json\/wp\/v2\/media\/32846"}],"wp:attachment":[{"href":"https:\/\/www.medellin.gov.co\/es\/wp-json\/wp\/v2\/media?parent=44242"}],"wp:term":[{"taxonomy":"category","embeddable":true,"href":"https:\/\/www.medellin.gov.co\/es\/wp-json\/wp\/v2\/categories?post=44242"},{"taxonomy":"post_tag","embeddable":true,"href":"https:\/\/www.medellin.gov.co\/es\/wp-json\/wp\/v2\/tags?post=44242"},{"taxonomy":"programas_tax","embeddable":true,"href":"https:\/\/www.medellin.gov.co\/es\/wp-json\/wp\/v2\/programas_tax?post=44242"}],"curies":[{"name":"wp","href":"https:\/\/api.w.org\/{rel}","templated":true}]}}

Ampliación y Mejoramiento de la Red de Semaforización

<p>
  El avance corresponde al mantenimiento de 685 cruces semafóricos. El proceso de contratación 2021 está en desarrollo de publicación y se espera iniciar en septiembre de 2021.
</p>
<p>
  Debido a los actos de vandalismo de los últimos dos meses el 12,5 % del amueblamiento se ha visto afectado. Se adicionaron recursos con este proyecto al contrato 2020 para el mantenimiento de la red, debido al vandalismo por las marchas. Adicionalmente, se incorporaron 8 nuevos cruces semafóricos por proyecto de ciudad.</p>
