{"id":44379,"date":"2022-01-11T19:32:56","date_gmt":"2022-01-12T00:32:56","guid":{"rendered":"https:\/\/www.medellin.gov.co\/es\/proyectos\/asistencia-tecnica-para-la-integracion-de-la-perspectiva-de-genero-en-sectores-publicos-y-privados\/"},"modified":"2022-01-11T19:32:56","modified_gmt":"2022-01-12T00:32:56","slug":"asistencia-tecnica-para-la-integracion-de-la-perspectiva-de-genero-en-sectores-publicos-y-privados","status":"publish","type":"proyectos","link":"https:\/\/www.medellin.gov.co\/es\/proyectos\/asistencia-tecnica-para-la-integracion-de-la-perspectiva-de-genero-en-sectores-publicos-y-privados\/","title":{"rendered":"Asistencia T\u00e9cnica para la Integraci\u00f3n de la Perspectiva de G\u00e9nero en Sectores P\u00fablicos y Privados"},"content":{"rendered":"<p>\n  Brindar sensibilizaci\u00f3n, capacitaci\u00f3n y asesor\u00eda para que las dependencias de la administraci\u00f3n municipal y las entidades del conglomerado p\u00fablico y sector privado puedan incorporar el enfoque de g\u00e9nero en sus procesos, pol\u00edticas, planes, programas y proyectos.\n <\/p>\n<p>\n  Avanzar en la implementaci\u00f3n de presupuestos sensibles al g\u00e9nero, a trav\u00e9s de la aplicaci\u00f3n del trazador presupuestal para la equidad de la mujer en el Sistema Unificado de Inversiones y Finanzas P\u00fablicas (SUIFP), (Circular 10-4 de julio de 2019, expedida por el Departamento Nacional de Planeaci\u00f3n).\n <\/p>\n<p>\n  Coordinar con el Departamento Administrativo de Planeaci\u00f3n la realizaci\u00f3n del proceso de seguimiento, la evaluaci\u00f3n de la incorporaci\u00f3n del enfoque de g\u00e9nero en la institucionalidad de Medell\u00edn, y la implementaci\u00f3n de la Pol\u00edtica p\u00fablica para la igualdad de g\u00e9nero de las mujeres urbanas y rurales del municipio y su Plan Estrat\u00e9gico de Igualdad de G\u00e9nero.\n <\/p>\n","protected":false},"featured_media":32999,"template":"","categories":[15],"tags":[432,453,435,455,443],"programas_tax":[411],"acf":[],"_links":{"self":[{"href":"https:\/\/www.medellin.gov.co\/es\/wp-json\/wp\/v2\/proyectos\/44379"}],"collection":[{"href":"https:\/\/www.medellin.gov.co\/es\/wp-json\/wp\/v2\/proyectos"}],"about":[{"href":"https:\/\/www.medellin.gov.co\/es\/wp-json\/wp\/v2\/types\/proyectos"}],"wp:featuredmedia":[{"embeddable":true,"href":"https:\/\/www.medellin.gov.co\/es\/wp-json\/wp\/v2\/media\/32999"}],"wp:attachment":[{"href":"https:\/\/www.medellin.gov.co\/es\/wp-json\/wp\/v2\/media?parent=44379"}],"wp:term":[{"taxonomy":"category","embeddable":true,"href":"https:\/\/www.medellin.gov.co\/es\/wp-json\/wp\/v2\/categories?post=44379"},{"taxonomy":"post_tag","embeddable":true,"href":"https:\/\/www.medellin.gov.co\/es\/wp-json\/wp\/v2\/tags?post=44379"},{"taxonomy":"programas_tax","embeddable":true,"href":"https:\/\/www.medellin.gov.co\/es\/wp-json\/wp\/v2\/programas_tax?post=44379"}],"curies":[{"name":"wp","href":"https:\/\/api.w.org\/{rel}","templated":true}]}}

Asistencia Técnica para la Integración de la Perspectiva de Género en Sectores Públicos y Privados

<p>
  Brindar sensibilización, capacitación y asesoría para que las dependencias de la administración municipal y las entidades del conglomerado público y sector privado puedan incorporar el enfoque de género en sus procesos, políticas, planes, programas y proyectos.
 </p>
<p>
  Avanzar en la implementación de presupuestos sensibles al género, a través de la aplicación del trazador presupuestal para la equidad de la mujer en el Sistema Unificado de Inversiones y Finanzas Públicas (SUIFP), (Circular 10-4 de julio de 2019, expedida por el Departamento Nacional de Planeación).
 </p>
<p>
  Coordinar con el Departamento Administrativo de Planeación la realización del proceso de seguimiento, la evaluación de la incorporación del enfoque de género en la institucionalidad de Medellín, y la implementación de la Política pública para la igualdad de género de las mujeres urbanas y rurales del municipio y su Plan Estratégico de Igualdad de Género.
 </p>
