{"id":44380,"date":"2022-01-11T19:32:56","date_gmt":"2022-01-12T00:32:56","guid":{"rendered":"https:\/\/www.medellin.gov.co\/es\/proyectos\/fortalecimiento-de-la-planeacion-estrategica-y-gestion-del-conocimiento-de-la-secretaria-de-las-mujeres\/"},"modified":"2022-01-11T19:32:56","modified_gmt":"2022-01-12T00:32:56","slug":"fortalecimiento-de-la-planeacion-estrategica-y-gestion-del-conocimiento-de-la-secretaria-de-las-mujeres","status":"publish","type":"proyectos","link":"https:\/\/www.medellin.gov.co\/es\/proyectos\/fortalecimiento-de-la-planeacion-estrategica-y-gestion-del-conocimiento-de-la-secretaria-de-las-mujeres\/","title":{"rendered":"Fortalecimiento de la Planeaci\u00f3n Estrat\u00e9gica y Gesti\u00f3n del Conocimiento de la Secretar\u00eda de las Mujeres"},"content":{"rendered":"<p>\n  Fortalecer y acompa\u00f1ar administrativamente los procesos t\u00e9cnicos y de gesti\u00f3n del conocimiento de la Secretar\u00eda de las Mujeres, para garantizar la accesibilidad y disponibilidad de los programas y proyectos que posibilitan la materializaci\u00f3n de la Pol\u00edtica p\u00fablica para la igualdad de g\u00e9nero de las mujeres urbanas y rurales del municipio de Medell\u00edn y su Plan Estrat\u00e9gico.\n <\/p>\n","protected":false},"featured_media":9159,"template":"","categories":[15],"tags":[453,435,455,443],"programas_tax":[411],"acf":[],"_links":{"self":[{"href":"https:\/\/www.medellin.gov.co\/es\/wp-json\/wp\/v2\/proyectos\/44380"}],"collection":[{"href":"https:\/\/www.medellin.gov.co\/es\/wp-json\/wp\/v2\/proyectos"}],"about":[{"href":"https:\/\/www.medellin.gov.co\/es\/wp-json\/wp\/v2\/types\/proyectos"}],"wp:featuredmedia":[{"embeddable":true,"href":"https:\/\/www.medellin.gov.co\/es\/wp-json\/wp\/v2\/media\/9159"}],"wp:attachment":[{"href":"https:\/\/www.medellin.gov.co\/es\/wp-json\/wp\/v2\/media?parent=44380"}],"wp:term":[{"taxonomy":"category","embeddable":true,"href":"https:\/\/www.medellin.gov.co\/es\/wp-json\/wp\/v2\/categories?post=44380"},{"taxonomy":"post_tag","embeddable":true,"href":"https:\/\/www.medellin.gov.co\/es\/wp-json\/wp\/v2\/tags?post=44380"},{"taxonomy":"programas_tax","embeddable":true,"href":"https:\/\/www.medellin.gov.co\/es\/wp-json\/wp\/v2\/programas_tax?post=44380"}],"curies":[{"name":"wp","href":"https:\/\/api.w.org\/{rel}","templated":true}]}}

Fortalecimiento de la Planeación Estratégica y Gestión del Conocimiento de la Secretaría de las Mujeres

<p>
  Fortalecer y acompañar administrativamente los procesos técnicos y de gestión del conocimiento de la Secretaría de las Mujeres, para garantizar la accesibilidad y disponibilidad de los programas y proyectos que posibilitan la materialización de la Política pública para la igualdad de género de las mujeres urbanas y rurales del municipio de Medellín y su Plan Estratégico.
 </p>
