{"id":43671,"date":"2022-01-11T17:10:26","date_gmt":"2022-01-11T22:10:26","guid":{"rendered":"https:\/\/www.medellin.gov.co\/es\/tramites-y-servicios\/pension-de-retiro-de-invalidez-para-docentes-oficiales\/"},"modified":"2024-02-02T14:18:16","modified_gmt":"2024-02-02T19:18:16","slug":"pension-de-retiro-de-invalidez-para-docentes-oficiales","status":"publish","type":"tramites-y-servicios","link":"https:\/\/www.medellin.gov.co\/es\/tramites-y-servicios\/pension-de-retiro-de-invalidez-para-docentes-oficiales\/","title":{"rendered":"Pensi\u00f3n de retiro de invalidez para docentes oficiales"},"content":{"rendered":"<p>Obtener el reconocimiento de la pensi\u00f3n de invalidez que tiene en forma temporal o vitalicia todo docente oficial que estando vinculado al servicio activo se halle en situaci\u00f3n de invalidez perdiendo su capacidad laboral en un porcentaje no inferior al 75%.<\/p>\n<p>Pensi\u00f3n de invalidez, invalidez de maestros, invalidez de profesores, invalidez de docentes, pensi\u00f3n por invalidez, pensi\u00f3n por accidente, pension por accidente, invalides de maestros, invalides de docentes, invalides de profesores<\/p>\n","protected":false},"featured_media":32120,"template":"","meta":[],"categories":[4],"tags":[437,451,431,433],"estramiteoservicio":[280],"acf":[],"_links":{"self":[{"href":"https:\/\/www.medellin.gov.co\/es\/wp-json\/wp\/v2\/tramites-y-servicios\/43671"}],"collection":[{"href":"https:\/\/www.medellin.gov.co\/es\/wp-json\/wp\/v2\/tramites-y-servicios"}],"about":[{"href":"https:\/\/www.medellin.gov.co\/es\/wp-json\/wp\/v2\/types\/tramites-y-servicios"}],"wp:featuredmedia":[{"embeddable":true,"href":"https:\/\/www.medellin.gov.co\/es\/wp-json\/wp\/v2\/media\/32120"}],"wp:attachment":[{"href":"https:\/\/www.medellin.gov.co\/es\/wp-json\/wp\/v2\/media?parent=43671"}],"wp:term":[{"taxonomy":"category","embeddable":true,"href":"https:\/\/www.medellin.gov.co\/es\/wp-json\/wp\/v2\/categories?post=43671"},{"taxonomy":"post_tag","embeddable":true,"href":"https:\/\/www.medellin.gov.co\/es\/wp-json\/wp\/v2\/tags?post=43671"},{"taxonomy":"estramiteoservicio","embeddable":true,"href":"https:\/\/www.medellin.gov.co\/es\/wp-json\/wp\/v2\/estramiteoservicio?post=43671"}],"curies":[{"name":"wp","href":"https:\/\/api.w.org\/{rel}","templated":true}]}}

Pensión de retiro de invalidez para docentes oficiales

<p>Obtener el reconocimiento de la pensión de invalidez que tiene en forma temporal o vitalicia todo docente oficial que estando vinculado al servicio activo se halle en situación de invalidez perdiendo su capacidad laboral en un porcentaje no inferior al 75%.</p>
<p>Pensión de invalidez, invalidez de maestros, invalidez de profesores, invalidez de docentes, pensión por invalidez, pensión por accidente, pension por accidente, invalides de maestros, invalides de docentes, invalides de profesores</p>
