{"id":16859,"date":"2022-09-12T20:52:46","date_gmt":"2022-09-12T20:52:46","guid":{"rendered":"http:\/\/10.1.222.218\/ndesarrollo\/?page_id=16859"},"modified":"2024-08-10T17:27:16","modified_gmt":"2024-08-10T17:27:16","slug":"instrumentos_de_planeacion_distrital","status":"publish","type":"page","link":"\/ndesarrollo\/instrumentos_de_planeacion_distrital\/","title":{"rendered":"Instrumentos de Planeaci\u00f3n Distrital"},"content":{"rendered":"\t\t<div data-elementor-type=\"wp-page\" data-elementor-id=\"16859\" class=\"elementor elementor-16859\" data-elementor-settings=\"[]\">\n\t\t\t\t\t\t\t<div class=\"elementor-section-wrap\">\n\t\t\t\t\t\t\t<section data-particle_enable=\"false\" data-particle-mobile-disabled=\"false\" class=\"elementor-section elementor-top-section elementor-element elementor-element-3fd4449 elementor-section-full_width elementor-section-height-default elementor-section-height-default\" data-id=\"3fd4449\" data-element_type=\"section\">\n\t\t\t\t\t\t<div class=\"elementor-container elementor-column-gap-no\">\n\t\t\t\t\t<div class=\"elementor-column elementor-col-100 elementor-top-column elementor-element elementor-element-b666ab3\" data-id=\"b666ab3\" data-element_type=\"column\">\n\t\t\t<div class=\"elementor-widget-wrap elementor-element-populated\">\n\t\t\t\t\t\t\t\t<div class=\"elementor-element elementor-element-dbe04ea elementor-widget elementor-widget-image\" data-id=\"dbe04ea\" data-element_type=\"widget\" data-widget_type=\"image.default\">\n\t\t\t\t<div class=\"elementor-widget-container\">\n\t\t\t\t\t\t\t\t\t\t\t\t\t\t\t<img width=\"1024\" height=\"150\" src=\"\/ndesarrollo\/wp-content\/uploads\/2022\/10\/Instrumentos-de-Planeacion-Distrital-1024x150.jpg\" class=\"attachment-large size-large\" alt=\"\" loading=\"lazy\" srcset=\"\/ndesarrollo\/wp-content\/uploads\/2022\/10\/Instrumentos-de-Planeacion-Distrital-1024x150.jpg 1024w, \/ndesarrollo\/wp-content\/uploads\/2022\/10\/Instrumentos-de-Planeacion-Distrital-300x44.jpg 300w, \/ndesarrollo\/wp-content\/uploads\/2022\/10\/Instrumentos-de-Planeacion-Distrital-768x112.jpg 768w, \/ndesarrollo\/wp-content\/uploads\/2022\/10\/Instrumentos-de-Planeacion-Distrital-1536x225.jpg 1536w, \/ndesarrollo\/wp-content\/uploads\/2022\/10\/Instrumentos-de-Planeacion-Distrital.jpg 1982w\" sizes=\"(max-width: 1024px) 100vw, 1024px\" \/>\t\t\t\t\t\t\t\t\t\t\t\t\t\t\t<\/div>\n\t\t\t\t<\/div>\n\t\t\t\t\t<\/div>\n\t\t<\/div>\n\t\t\t\t\t\t\t<\/div>\n\t\t<\/section>\n\t\t\t\t<section data-particle_enable=\"false\" data-particle-mobile-disabled=\"false\" class=\"elementor-section elementor-top-section elementor-element elementor-element-38186fa elementor-section-boxed elementor-section-height-default elementor-section-height-default\" data-id=\"38186fa\" data-element_type=\"section\">\n\t\t\t\t\t\t<div class=\"elementor-container elementor-column-gap-default\">\n\t\t\t\t\t<div class=\"elementor-column elementor-col-100 elementor-top-column elementor-element elementor-element-7006790\" data-id=\"7006790\" data-element_type=\"column\">\n\t\t\t<div class=\"elementor-widget-wrap elementor-element-populated\">\n\t\t\t\t\t\t\t\t<div class=\"elementor-element elementor-element-e0171d5 elementor-widget elementor-widget-text-editor\" data-id=\"e0171d5\" data-element_type=\"widget\" data-widget_type=\"text-editor.default\">\n\t\t\t\t<div class=\"elementor-widget-container\">\n\t\t\t\t\t\t\t<p><strong>\u00bfQu\u00e9 es el Plan de Desarrollo Distrital?<\/strong><\/p><p>Es el instrumento de planeaci\u00f3n que desarrolla el programa de gobierno que el alcalde electo inscribi\u00f3 como candidato para el respectivo per\u00edodo.<\/p><p>En este se deben incorporar las pol\u00edticas p\u00fablicas, la planeaci\u00f3n local de comunas y corregimientos, la planeaci\u00f3n sectorial y poblacional y orientarse al logro de los objetivos del desarrollo humano y al uso equitativo, eficiente y eficaz de los recursos.<\/p><p>El Plan de Desarrollo, est\u00e1 conformado por una parte estrat\u00e9gica y un plan de inversiones a mediano y corto plazo, de conformidad con lo dispuesto en el art\u00edculo 339 de la Constituci\u00f3n Pol\u00edtica y en la Ley 152 de 1994<\/p>\t\t\t\t\t\t<\/div>\n\t\t\t\t<\/div>\n\t\t\t\t\t<\/div>\n\t\t<\/div>\n\t\t\t\t\t\t\t<\/div>\n\t\t<\/section>\n\t\t\t\t<section data-particle_enable=\"false\" data-particle-mobile-disabled=\"false\" class=\"elementor-section elementor-top-section elementor-element elementor-element-c06ff09 elementor-section-boxed elementor-section-height-default elementor-section-height-default\" data-id=\"c06ff09\" data-element_type=\"section\">\n\t\t\t\t\t\t<div class=\"elementor-container elementor-column-gap-default\">\n\t\t\t\t\t<div class=\"elementor-column elementor-col-100 elementor-top-column elementor-element elementor-element-1a48578\" data-id=\"1a48578\" data-element_type=\"column\">\n\t\t\t<div class=\"elementor-widget-wrap elementor-element-populated\">\n\t\t\t\t\t\t\t\t<div class=\"elementor-element elementor-element-ba47a6c elementor-widget elementor-widget-text-editor\" data-id=\"ba47a6c\" data-element_type=\"widget\" data-widget_type=\"text-editor.default\">\n\t\t\t\t<div class=\"elementor-widget-container\">\n\t\t\t\t\t\t\t<p><strong>Plan de Desarrollo Medell\u00edn Te Quiere 2024-2027<\/strong><\/p>\t\t\t\t\t\t<\/div>\n\t\t\t\t<\/div>\n\t\t\t\t\t<\/div>\n\t\t<\/div>\n\t\t\t\t\t\t\t<\/div>\n\t\t<\/section>\n\t\t\t\t<section data-particle_enable=\"false\" data-particle-mobile-disabled=\"false\" class=\"elementor-section elementor-top-section elementor-element elementor-element-fa59092 elementor-section-boxed elementor-section-height-default elementor-section-height-default\" data-id=\"fa59092\" data-element_type=\"section\">\n\t\t\t\t\t\t<div class=\"elementor-container elementor-column-gap-default\">\n\t\t\t\t\t<div class=\"elementor-column elementor-col-100 elementor-top-column elementor-element elementor-element-2b28a48\" data-id=\"2b28a48\" data-element_type=\"column\">\n\t\t\t<div class=\"elementor-widget-wrap elementor-element-populated\">\n\t\t\t\t\t\t\t\t<div class=\"elementor-element elementor-element-c843d03 elementor-widget elementor-widget-image\" data-id=\"c843d03\" data-element_type=\"widget\" data-widget_type=\"image.default\">\n\t\t\t\t<div class=\"elementor-widget-container\">\n\t\t\t\t\t\t\t\t\t\t\t\t\t\t\t\t<a href=\"https:\/\/www.medellin.gov.co\/ndesarrollo\/pdd\/\">\n\t\t\t\t\t\t\t<img width=\"1924\" height=\"599\" src=\"\/ndesarrollo\/wp-content\/uploads\/2024\/08\/banner-plan-pdd.jpg\" class=\"attachment-full size-full\" alt=\"\" loading=\"lazy\" srcset=\"\/ndesarrollo\/wp-content\/uploads\/2024\/08\/banner-plan-pdd.jpg 1924w, \/ndesarrollo\/wp-content\/uploads\/2024\/08\/banner-plan-pdd-300x93.jpg 300w, \/ndesarrollo\/wp-content\/uploads\/2024\/08\/banner-plan-pdd-1024x319.jpg 1024w, \/ndesarrollo\/wp-content\/uploads\/2024\/08\/banner-plan-pdd-768x239.jpg 768w, \/ndesarrollo\/wp-content\/uploads\/2024\/08\/banner-plan-pdd-1536x478.jpg 1536w\" sizes=\"(max-width: 1924px) 100vw, 1924px\" \/>\t\t\t\t\t\t\t\t<\/a>\n\t\t\t\t\t\t\t\t\t\t\t\t\t\t\t<\/div>\n\t\t\t\t<\/div>\n\t\t\t\t\t<\/div>\n\t\t<\/div>\n\t\t\t\t\t\t\t<\/div>\n\t\t<\/section>\n\t\t\t\t<section data-particle_enable=\"false\" data-particle-mobile-disabled=\"false\" class=\"elementor-section elementor-top-section elementor-element elementor-element-b7f23ca elementor-section-boxed elementor-section-height-default elementor-section-height-default\" data-id=\"b7f23ca\" data-element_type=\"section\">\n\t\t\t\t\t\t<div class=\"elementor-container elementor-column-gap-default\">\n\t\t\t\t\t<div class=\"elementor-column elementor-col-100 elementor-top-column elementor-element elementor-element-17435da\" data-id=\"17435da\" data-element_type=\"column\">\n\t\t\t<div class=\"elementor-widget-wrap elementor-element-populated\">\n\t\t\t\t\t\t\t\t<div class=\"elementor-element elementor-element-406261c elementor-view-default elementor-widget elementor-widget-icon\" data-id=\"406261c\" data-element_type=\"widget\" data-widget_type=\"icon.default\">\n\t\t\t\t<div class=\"elementor-widget-container\">\n\t\t\t\t\t<div class=\"elementor-icon-wrapper\">\n\t\t\t<a class=\"elementor-icon\" href=\"https:\/\/www.medellin.gov.co\/ndesarrollo\/wp-content\/uploads\/2024\/07\/Acuerdo-003-de-2024-PDD_compressed.pdf\">\n\t\t\t<i aria-hidden=\"true\" class=\"far fa-file-pdf\"><\/i>\t\t\t<\/a>\n\t\t<\/div>\n\t\t\t\t<\/div>\n\t\t\t\t<\/div>\n\t\t\t\t\t<\/div>\n\t\t<\/div>\n\t\t\t\t\t\t\t<\/div>\n\t\t<\/section>\n\t\t\t\t<section data-particle_enable=\"false\" data-particle-mobile-disabled=\"false\" class=\"elementor-section elementor-top-section elementor-element elementor-element-63d7a58 elementor-section-boxed elementor-section-height-default elementor-section-height-default\" data-id=\"63d7a58\" data-element_type=\"section\">\n\t\t\t\t\t\t<div class=\"elementor-container elementor-column-gap-default\">\n\t\t\t\t\t<div class=\"elementor-column elementor-col-100 elementor-top-column elementor-element elementor-element-48524c1\" data-id=\"48524c1\" data-element_type=\"column\">\n\t\t\t<div class=\"elementor-widget-wrap elementor-element-populated\">\n\t\t\t\t\t\t\t\t<div class=\"elementor-element elementor-element-6b756e7 elementor-widget elementor-widget-text-editor\" data-id=\"6b756e7\" data-element_type=\"widget\" data-widget_type=\"text-editor.default\">\n\t\t\t\t<div class=\"elementor-widget-container\">\n\t\t\t\t\t\t\t<p><strong>\u00bfQu\u00e9 es el Plan de Ordenamiento Territorial -POT?<\/strong><\/p><p>Es el Instrumento clave para ordenar el uso (actividades comerciales, residenciales, recreativas, de preservaci\u00f3n entre otras) y la ocupaci\u00f3n del territorio (densidad, tipo de infraestructura permitida), para clasificar el suelo (urbano, rural, transici\u00f3n) y para orientar el desarrollo f\u00edsico de la ciudad.<\/p><p>Este instrumento tiene una temporalidad de 12 a\u00f1os con revisiones cada cuatro (ley 388 de 1997).<\/p><p><strong>Plan de Ordenamiento Territorial- POT<\/strong><\/p>\t\t\t\t\t\t<\/div>\n\t\t\t\t<\/div>\n\t\t\t\t\t<\/div>\n\t\t<\/div>\n\t\t\t\t\t\t\t<\/div>\n\t\t<\/section>\n\t\t\t\t<section data-particle_enable=\"false\" data-particle-mobile-disabled=\"false\" class=\"elementor-section elementor-top-section elementor-element elementor-element-bb6725a elementor-section-boxed elementor-section-height-default elementor-section-height-default\" data-id=\"bb6725a\" data-element_type=\"section\">\n\t\t\t\t\t\t<div class=\"elementor-container elementor-column-gap-default\">\n\t\t\t\t\t<div class=\"elementor-column elementor-col-100 elementor-top-column elementor-element elementor-element-7f18f78\" data-id=\"7f18f78\" data-element_type=\"column\">\n\t\t\t<div class=\"elementor-widget-wrap elementor-element-populated\">\n\t\t\t\t\t\t\t\t<div class=\"elementor-element elementor-element-4a5f1d1 elementor-view-default elementor-widget elementor-widget-icon\" data-id=\"4a5f1d1\" data-element_type=\"widget\" data-widget_type=\"icon.default\">\n\t\t\t\t<div class=\"elementor-widget-container\">\n\t\t\t\t\t<div class=\"elementor-icon-wrapper\">\n\t\t\t<a class=\"elementor-icon\" href=\"\/ndesarrollo\/wp-content\/uploads\/Sist_Dist_Planeacion\/Gaceta4267Acdo48-2014-POT.pdf\">\n\t\t\t<i aria-hidden=\"true\" class=\"far fa-file-pdf\"><\/i>\t\t\t<\/a>\n\t\t<\/div>\n\t\t\t\t<\/div>\n\t\t\t\t<\/div>\n\t\t\t\t\t<\/div>\n\t\t<\/div>\n\t\t\t\t\t\t\t<\/div>\n\t\t<\/section>\n\t\t\t\t<section data-particle_enable=\"false\" data-particle-mobile-disabled=\"false\" class=\"elementor-section elementor-top-section elementor-element elementor-element-dc269b4 elementor-section-full_width elementor-section-height-default elementor-section-height-default\" data-id=\"dc269b4\" data-element_type=\"section\">\n\t\t\t\t\t\t<div class=\"elementor-container elementor-column-gap-no\">\n\t\t\t\t\t<div class=\"elementor-column elementor-col-100 elementor-top-column elementor-element elementor-element-f33b442\" data-id=\"f33b442\" data-element_type=\"column\">\n\t\t\t<div class=\"elementor-widget-wrap elementor-element-populated\">\n\t\t\t\t\t\t\t\t<div class=\"elementor-element elementor-element-b5eef13 elementor-widget elementor-widget-image\" data-id=\"b5eef13\" data-element_type=\"widget\" data-widget_type=\"image.default\">\n\t\t\t\t<div class=\"elementor-widget-container\">\n\t\t\t\t\t\t\t\t\t\t\t\t\t\t\t<img width=\"1920\" height=\"214\" src=\"\/ndesarrollo\/wp-content\/uploads\/2021\/07\/SeparadorV2.png\" class=\"attachment-full size-full\" alt=\"\" loading=\"lazy\" \/>\t\t\t\t\t\t\t\t\t\t\t\t\t\t\t<\/div>\n\t\t\t\t<\/div>\n\t\t\t\t\t<\/div>\n\t\t<\/div>\n\t\t\t\t\t\t\t<\/div>\n\t\t<\/section>\n\t\t\t\t\t\t<\/div>\n\t\t\t\t\t<\/div>\n\t\t","protected":false},"excerpt":{"rendered":"<p>\u00bfQu\u00e9 es el Plan de Desarrollo Distrital? Es el instrumento de planeaci\u00f3n que desarrolla el programa de gobierno que el alcalde electo inscribi\u00f3 como candidato para el respectivo per\u00edodo. En este se deben incorporar las pol\u00edticas p\u00fablicas, la planeaci\u00f3n local de comunas y corregimientos, la planeaci\u00f3n sectorial y poblacional y orientarse al logro de los &hellip;<\/p>\n<p class=\"read-more\"> <a class=\"\" href=\"\/ndesarrollo\/instrumentos_de_planeacion_distrital\/\"> <span class=\"screen-reader-text\">Instrumentos de Planeaci\u00f3n Distrital<\/span> Leer m\u00e1s &raquo;<\/a><\/p>\n","protected":false},"author":1,"featured_media":0,"parent":0,"menu_order":0,"comment_status":"closed","ping_status":"closed","template":"","meta":{"_mi_skip_tracking":false,"site-sidebar-layout":"no-sidebar","site-content-layout":"page-builder","ast-main-header-display":"","ast-hfb-above-header-display":"","ast-hfb-below-header-display":"","ast-hfb-mobile-header-display":"","site-post-title":"disabled","ast-breadcrumbs-content":"","ast-featured-img":"disabled","footer-sml-layout":"","theme-transparent-header-meta":"default","adv-header-id-meta":"","stick-header-meta":"","header-above-stick-meta":"","header-main-stick-meta":"","header-below-stick-meta":""},"categories":[],"tags":[],"yoast_head":"<!-- This site is optimized with the Yoast SEO plugin v17.4 - https:\/\/yoast.com\/wordpress\/plugins\/seo\/ -->\n<title>Instrumentos de Planeaci\u00f3n Distrital - Nuestro Desarrollo<\/title>\n<meta name=\"robots\" content=\"index, follow, max-snippet:-1, max-image-preview:large, max-video-preview:-1\" \/>\n<link rel=\"canonical\" href=\"\/ndesarrollo\/instrumentos_de_planeacion_distrital\/\" \/>\n<meta property=\"og:locale\" content=\"es_ES\" \/>\n<meta property=\"og:type\" content=\"article\" \/>\n<meta property=\"og:title\" content=\"Instrumentos de Planeaci\u00f3n Distrital - Nuestro Desarrollo\" \/>\n<meta property=\"og:description\" content=\"\u00bfQu\u00e9 es el Plan de Desarrollo Distrital? Es el instrumento de planeaci\u00f3n que desarrolla el programa de gobierno que el alcalde electo inscribi\u00f3 como candidato para el respectivo per\u00edodo. En este se deben incorporar las pol\u00edticas p\u00fablicas, la planeaci\u00f3n local de comunas y corregimientos, la planeaci\u00f3n sectorial y poblacional y orientarse al logro de los &hellip; Instrumentos de Planeaci\u00f3n Distrital Leer m\u00e1s &raquo;\" \/>\n<meta property=\"og:url\" content=\"\/ndesarrollo\/instrumentos_de_planeacion_distrital\/\" \/>\n<meta property=\"og:site_name\" content=\"Nuestro Desarrollo\" \/>\n<meta property=\"article:publisher\" content=\"https:\/\/www.facebook.com\/AlcaldiadeMed\" \/>\n<meta property=\"article:modified_time\" content=\"2024-08-10T17:27:16+00:00\" \/>\n<meta property=\"og:image\" content=\"\/ndesarrollo\/wp-content\/uploads\/2022\/10\/Instrumentos-de-Planeacion-Distrital-1024x150.jpg\" \/>\n<meta name=\"twitter:card\" content=\"summary_large_image\" \/>\n<meta name=\"twitter:site\" content=\"@AlcaldiadeMed\" \/>\n<meta name=\"twitter:label1\" content=\"Tiempo de lectura\" \/>\n\t<meta name=\"twitter:data1\" content=\"2 minutos\" \/>\n<script type=\"application\/ld+json\" class=\"yoast-schema-graph\">{\"@context\":\"https:\/\/schema.org\",\"@graph\":[{\"@type\":\"Organization\",\"@id\":\"\/ndesarrollo\/#organization\",\"name\":\"Alcald\\u00eda de Medell\\u00edn\",\"url\":\"\/ndesarrollo\/\",\"sameAs\":[\"https:\/\/www.facebook.com\/AlcaldiadeMed\",\"https:\/\/www.instagram.com\/alcaldiademed\/\",\"https:\/\/www.linkedin.com\/company\/alcaldiademedellin\",\"https:\/\/www.youtube.com\/channel\/UCAFLU70jPz4bODq_5BSWPIg\",\"https:\/\/twitter.com\/AlcaldiadeMed\"],\"logo\":{\"@type\":\"ImageObject\",\"@id\":\"\/ndesarrollo\/#logo\",\"inLanguage\":\"es\",\"url\":\"http:\/\/10.1.222.218\/ndesarrollo\/wp-content\/uploads\/2021\/11\/EscudoIcon.png\",\"contentUrl\":\"http:\/\/10.1.222.218\/ndesarrollo\/wp-content\/uploads\/2021\/11\/EscudoIcon.png\",\"width\":32,\"height\":32,\"caption\":\"Alcald\\u00eda de Medell\\u00edn\"},\"image\":{\"@id\":\"\/ndesarrollo\/#logo\"}},{\"@type\":\"WebSite\",\"@id\":\"\/ndesarrollo\/#website\",\"url\":\"\/ndesarrollo\/\",\"name\":\"Nuestro Desarrollo\",\"description\":\"Nuestro Desarrollo es una plataforma de Planeaci\\u00f3n del Desarrollo Local y Presupuesto Participativo\",\"publisher\":{\"@id\":\"\/ndesarrollo\/#organization\"},\"potentialAction\":[{\"@type\":\"SearchAction\",\"target\":{\"@type\":\"EntryPoint\",\"urlTemplate\":\"\/ndesarrollo\/?s={search_term_string}\"},\"query-input\":\"required name=search_term_string\"}],\"inLanguage\":\"es\"},{\"@type\":\"ImageObject\",\"@id\":\"\/ndesarrollo\/instrumentos_de_planeacion_distrital\/#primaryimage\",\"inLanguage\":\"es\",\"url\":\"\/ndesarrollo\/wp-content\/uploads\/2022\/10\/Instrumentos-de-Planeacion-Distrital.jpg\",\"contentUrl\":\"\/ndesarrollo\/wp-content\/uploads\/2022\/10\/Instrumentos-de-Planeacion-Distrital.jpg\",\"width\":1982,\"height\":290},{\"@type\":\"WebPage\",\"@id\":\"\/ndesarrollo\/instrumentos_de_planeacion_distrital\/#webpage\",\"url\":\"\/ndesarrollo\/instrumentos_de_planeacion_distrital\/\",\"name\":\"Instrumentos de Planeaci\\u00f3n Distrital - Nuestro Desarrollo\",\"isPartOf\":{\"@id\":\"\/ndesarrollo\/#website\"},\"primaryImageOfPage\":{\"@id\":\"\/ndesarrollo\/instrumentos_de_planeacion_distrital\/#primaryimage\"},\"datePublished\":\"2022-09-12T20:52:46+00:00\",\"dateModified\":\"2024-08-10T17:27:16+00:00\",\"breadcrumb\":{\"@id\":\"\/ndesarrollo\/instrumentos_de_planeacion_distrital\/#breadcrumb\"},\"inLanguage\":\"es\",\"potentialAction\":[{\"@type\":\"ReadAction\",\"target\":[\"\/ndesarrollo\/instrumentos_de_planeacion_distrital\/\"]}]},{\"@type\":\"BreadcrumbList\",\"@id\":\"\/ndesarrollo\/instrumentos_de_planeacion_distrital\/#breadcrumb\",\"itemListElement\":[{\"@type\":\"ListItem\",\"position\":1,\"name\":\"Portada\",\"item\":\"\/ndesarrollo\/\"},{\"@type\":\"ListItem\",\"position\":2,\"name\":\"Instrumentos de Planeaci\\u00f3n Distrital\"}]}]}<\/script>\n<!-- \/ Yoast SEO plugin. -->","yoast_head_json":{"title":"Instrumentos de Planeaci\u00f3n Distrital - Nuestro Desarrollo","robots":{"index":"index","follow":"follow","max-snippet":"max-snippet:-1","max-image-preview":"max-image-preview:large","max-video-preview":"max-video-preview:-1"},"canonical":"\/ndesarrollo\/instrumentos_de_planeacion_distrital\/","og_locale":"es_ES","og_type":"article","og_title":"Instrumentos de Planeaci\u00f3n Distrital - Nuestro Desarrollo","og_description":"\u00bfQu\u00e9 es el Plan de Desarrollo Distrital? Es el instrumento de planeaci\u00f3n que desarrolla el programa de gobierno que el alcalde electo inscribi\u00f3 como candidato para el respectivo per\u00edodo. En este se deben incorporar las pol\u00edticas p\u00fablicas, la planeaci\u00f3n local de comunas y corregimientos, la planeaci\u00f3n sectorial y poblacional y orientarse al logro de los &hellip; Instrumentos de Planeaci\u00f3n Distrital Leer m\u00e1s &raquo;","og_url":"\/ndesarrollo\/instrumentos_de_planeacion_distrital\/","og_site_name":"Nuestro Desarrollo","article_publisher":"https:\/\/www.facebook.com\/AlcaldiadeMed","article_modified_time":"2024-08-10T17:27:16+00:00","og_image":[{"url":"\/ndesarrollo\/wp-content\/uploads\/2022\/10\/Instrumentos-de-Planeacion-Distrital-1024x150.jpg"}],"twitter_card":"summary_large_image","twitter_site":"@AlcaldiadeMed","twitter_misc":{"Tiempo de lectura":"2 minutos"},"schema":{"@context":"https:\/\/schema.org","@graph":[{"@type":"Organization","@id":"\/ndesarrollo\/#organization","name":"Alcald\u00eda de Medell\u00edn","url":"\/ndesarrollo\/","sameAs":["https:\/\/www.facebook.com\/AlcaldiadeMed","https:\/\/www.instagram.com\/alcaldiademed\/","https:\/\/www.linkedin.com\/company\/alcaldiademedellin","https:\/\/www.youtube.com\/channel\/UCAFLU70jPz4bODq_5BSWPIg","https:\/\/twitter.com\/AlcaldiadeMed"],"logo":{"@type":"ImageObject","@id":"\/ndesarrollo\/#logo","inLanguage":"es","url":"http:\/\/10.1.222.218\/ndesarrollo\/wp-content\/uploads\/2021\/11\/EscudoIcon.png","contentUrl":"http:\/\/10.1.222.218\/ndesarrollo\/wp-content\/uploads\/2021\/11\/EscudoIcon.png","width":32,"height":32,"caption":"Alcald\u00eda de Medell\u00edn"},"image":{"@id":"\/ndesarrollo\/#logo"}},{"@type":"WebSite","@id":"\/ndesarrollo\/#website","url":"\/ndesarrollo\/","name":"Nuestro Desarrollo","description":"Nuestro Desarrollo es una plataforma de Planeaci\u00f3n del Desarrollo Local y Presupuesto Participativo","publisher":{"@id":"\/ndesarrollo\/#organization"},"potentialAction":[{"@type":"SearchAction","target":{"@type":"EntryPoint","urlTemplate":"\/ndesarrollo\/?s={search_term_string}"},"query-input":"required name=search_term_string"}],"inLanguage":"es"},{"@type":"ImageObject","@id":"\/ndesarrollo\/instrumentos_de_planeacion_distrital\/#primaryimage","inLanguage":"es","url":"\/ndesarrollo\/wp-content\/uploads\/2022\/10\/Instrumentos-de-Planeacion-Distrital.jpg","contentUrl":"\/ndesarrollo\/wp-content\/uploads\/2022\/10\/Instrumentos-de-Planeacion-Distrital.jpg","width":1982,"height":290},{"@type":"WebPage","@id":"\/ndesarrollo\/instrumentos_de_planeacion_distrital\/#webpage","url":"\/ndesarrollo\/instrumentos_de_planeacion_distrital\/","name":"Instrumentos de Planeaci\u00f3n Distrital - Nuestro Desarrollo","isPartOf":{"@id":"\/ndesarrollo\/#website"},"primaryImageOfPage":{"@id":"\/ndesarrollo\/instrumentos_de_planeacion_distrital\/#primaryimage"},"datePublished":"2022-09-12T20:52:46+00:00","dateModified":"2024-08-10T17:27:16+00:00","breadcrumb":{"@id":"\/ndesarrollo\/instrumentos_de_planeacion_distrital\/#breadcrumb"},"inLanguage":"es","potentialAction":[{"@type":"ReadAction","target":["\/ndesarrollo\/instrumentos_de_planeacion_distrital\/"]}]},{"@type":"BreadcrumbList","@id":"\/ndesarrollo\/instrumentos_de_planeacion_distrital\/#breadcrumb","itemListElement":[{"@type":"ListItem","position":1,"name":"Portada","item":"\/ndesarrollo\/"},{"@type":"ListItem","position":2,"name":"Instrumentos de Planeaci\u00f3n Distrital"}]}]}},"_links":{"self":[{"href":"\/ndesarrollo\/wp-json\/wp\/v2\/pages\/16859"}],"collection":[{"href":"\/ndesarrollo\/wp-json\/wp\/v2\/pages"}],"about":[{"href":"\/ndesarrollo\/wp-json\/wp\/v2\/types\/page"}],"author":[{"embeddable":true,"href":"\/ndesarrollo\/wp-json\/wp\/v2\/users\/1"}],"replies":[{"embeddable":true,"href":"\/ndesarrollo\/wp-json\/wp\/v2\/comments?post=16859"}],"version-history":[{"count":50,"href":"\/ndesarrollo\/wp-json\/wp\/v2\/pages\/16859\/revisions"}],"predecessor-version":[{"id":24393,"href":"\/ndesarrollo\/wp-json\/wp\/v2\/pages\/16859\/revisions\/24393"}],"wp:attachment":[{"href":"\/ndesarrollo\/wp-json\/wp\/v2\/media?parent=16859"}],"wp:term":[{"taxonomy":"category","embeddable":true,"href":"\/ndesarrollo\/wp-json\/wp\/v2\/categories?post=16859"},{"taxonomy":"post_tag","embeddable":true,"href":"\/ndesarrollo\/wp-json\/wp\/v2\/tags?post=16859"}],"curies":[{"name":"wp","href":"https:\/\/api.w.org\/{rel}","templated":true}]}}