{"id":23889,"date":"2024-06-04T00:08:49","date_gmt":"2024-06-04T00:08:49","guid":{"rendered":"\/ndesarrollo\/?page_id=23889"},"modified":"2024-07-31T15:20:14","modified_gmt":"2024-07-31T15:20:14","slug":"proyectos-estrategicos-infraestructura","status":"publish","type":"page","link":"\/ndesarrollo\/proyectos-estrategicos-infraestructura\/","title":{"rendered":"Proyectos estrat\u00e9gicos infraestructura"},"content":{"rendered":"\t\t<div data-elementor-type=\"wp-page\" data-elementor-id=\"23889\" class=\"elementor elementor-23889\" data-elementor-settings=\"[]\">\n\t\t\t\t\t\t\t<div class=\"elementor-section-wrap\">\n\t\t\t\t\t\t\t<section data-particle_enable=\"false\" data-particle-mobile-disabled=\"false\" class=\"elementor-section elementor-top-section elementor-element elementor-element-9806cc1 elementor-section-boxed elementor-section-height-default elementor-section-height-default\" data-id=\"9806cc1\" data-element_type=\"section\">\n\t\t\t\t\t\t<div class=\"elementor-container elementor-column-gap-default\">\n\t\t\t\t\t<div class=\"elementor-column elementor-col-100 elementor-top-column elementor-element elementor-element-463df35\" data-id=\"463df35\" data-element_type=\"column\">\n\t\t\t<div class=\"elementor-widget-wrap elementor-element-populated\">\n\t\t\t\t\t\t\t\t<div class=\"elementor-element elementor-element-3d95ae0 elementor-widget elementor-widget-image\" data-id=\"3d95ae0\" data-element_type=\"widget\" data-widget_type=\"image.default\">\n\t\t\t\t<div class=\"elementor-widget-container\">\n\t\t\t\t\t\t\t\t\t\t\t\t\t\t\t<img width=\"1920\" height=\"572\" src=\"\/ndesarrollo\/wp-content\/uploads\/2024\/06\/Foto-proyectos-infraestructura.jpg\" class=\"attachment-full size-full\" alt=\"\" loading=\"lazy\" srcset=\"\/ndesarrollo\/wp-content\/uploads\/2024\/06\/Foto-proyectos-infraestructura.jpg 1920w, \/ndesarrollo\/wp-content\/uploads\/2024\/06\/Foto-proyectos-infraestructura-300x89.jpg 300w, \/ndesarrollo\/wp-content\/uploads\/2024\/06\/Foto-proyectos-infraestructura-1024x305.jpg 1024w, \/ndesarrollo\/wp-content\/uploads\/2024\/06\/Foto-proyectos-infraestructura-768x229.jpg 768w, \/ndesarrollo\/wp-content\/uploads\/2024\/06\/Foto-proyectos-infraestructura-1536x458.jpg 1536w\" sizes=\"(max-width: 1920px) 100vw, 1920px\" \/>\t\t\t\t\t\t\t\t\t\t\t\t\t\t\t<\/div>\n\t\t\t\t<\/div>\n\t\t\t\t\t<\/div>\n\t\t<\/div>\n\t\t\t\t\t\t\t<\/div>\n\t\t<\/section>\n\t\t\t\t<section data-particle_enable=\"false\" data-particle-mobile-disabled=\"false\" class=\"elementor-section elementor-top-section elementor-element elementor-element-9b140f0 elementor-section-boxed elementor-section-height-default elementor-section-height-default\" data-id=\"9b140f0\" data-element_type=\"section\">\n\t\t\t\t\t\t<div class=\"elementor-container elementor-column-gap-default\">\n\t\t\t\t\t<div class=\"elementor-column elementor-col-33 elementor-top-column elementor-element elementor-element-0086e6f\" data-id=\"0086e6f\" data-element_type=\"column\">\n\t\t\t<div class=\"elementor-widget-wrap elementor-element-populated\">\n\t\t\t\t\t\t\t\t<div class=\"elementor-element elementor-element-6f90015 elementor-widget elementor-widget-image\" data-id=\"6f90015\" data-element_type=\"widget\" data-widget_type=\"image.default\">\n\t\t\t\t<div class=\"elementor-widget-container\">\n\t\t\t\t\t\t\t\t\t\t\t\t\t\t\t<img width=\"373\" height=\"135\" src=\"\/ndesarrollo\/wp-content\/uploads\/2024\/06\/titu-proyectos-infraestructura.png\" class=\"attachment-large size-large\" alt=\"\" loading=\"lazy\" srcset=\"\/ndesarrollo\/wp-content\/uploads\/2024\/06\/titu-proyectos-infraestructura.png 373w, \/ndesarrollo\/wp-content\/uploads\/2024\/06\/titu-proyectos-infraestructura-300x109.png 300w\" sizes=\"(max-width: 373px) 100vw, 373px\" \/>\t\t\t\t\t\t\t\t\t\t\t\t\t\t\t<\/div>\n\t\t\t\t<\/div>\n\t\t\t\t\t<\/div>\n\t\t<\/div>\n\t\t\t\t<div class=\"elementor-column elementor-col-66 elementor-top-column elementor-element elementor-element-c47430b\" data-id=\"c47430b\" data-element_type=\"column\">\n\t\t\t<div class=\"elementor-widget-wrap elementor-element-populated\">\n\t\t\t\t\t\t\t\t<div class=\"elementor-element elementor-element-9a5aabc elementor-widget elementor-widget-text-editor\" data-id=\"9a5aabc\" data-element_type=\"widget\" data-widget_type=\"text-editor.default\">\n\t\t\t\t<div class=\"elementor-widget-container\">\n\t\t\t\t\t\t\t<ul>\n<li>Instituciones educativas de primer nivel<\/li>\n<li>Los mejores escenarios deportivos para vos<\/li>\n<li>Distrito cinema y casas de m\u00fasica<\/li>\n<li>Corredores verdes<\/li>\n<li>Corredores azules<\/li>\n<li>Cerros para vos<\/li>\n<li>Casas verticales: centros de atenci\u00f3n social y actividades deportivas y culturales<\/li>\n<li>Unidos por el Agua<\/li>\n<li>Unidos por el Gas<\/li>\n<li>Parques del R\u00edo Norte&nbsp;<\/li><li>Metro de la 80<\/li>\n<li>Medell\u00edn blindada: central estrat\u00e9gica y tecnol\u00f3gica contra atracos<\/li>\n<\/ul>\t\t\t\t\t\t<\/div>\n\t\t\t\t<\/div>\n\t\t\t\t\t<\/div>\n\t\t<\/div>\n\t\t\t\t\t\t\t<\/div>\n\t\t<\/section>\n\t\t\t\t<section data-particle_enable=\"false\" data-particle-mobile-disabled=\"false\" class=\"elementor-section elementor-top-section elementor-element elementor-element-4c3a5db elementor-section-boxed elementor-section-height-default elementor-section-height-default\" data-id=\"4c3a5db\" data-element_type=\"section\">\n\t\t\t\t\t\t<div class=\"elementor-container elementor-column-gap-default\">\n\t\t\t\t\t<div class=\"elementor-column elementor-col-100 elementor-top-column elementor-element elementor-element-3678fdb\" data-id=\"3678fdb\" data-element_type=\"column\">\n\t\t\t<div class=\"elementor-widget-wrap elementor-element-populated\">\n\t\t\t\t\t\t\t\t<div class=\"elementor-element elementor-element-efb9952 elementor-widget elementor-widget-image\" data-id=\"efb9952\" data-element_type=\"widget\" data-widget_type=\"image.default\">\n\t\t\t\t<div class=\"elementor-widget-container\">\n\t\t\t\t\t\t\t\t\t\t\t\t\t\t\t\t<a href=\"\/ndesarrollo\/wp-content\/uploads\/2024\/06\/PROYECTOS-INFRAESTRUCTURA.pdf\" target=\"_blank\">\n\t\t\t\t\t\t\t<img width=\"404\" height=\"134\" src=\"\/ndesarrollo\/wp-content\/uploads\/2024\/06\/boton-ver-aqui.png\" class=\"attachment-large size-large\" alt=\"\" loading=\"lazy\" srcset=\"\/ndesarrollo\/wp-content\/uploads\/2024\/06\/boton-ver-aqui.png 404w, \/ndesarrollo\/wp-content\/uploads\/2024\/06\/boton-ver-aqui-300x100.png 300w\" sizes=\"(max-width: 404px) 100vw, 404px\" \/>\t\t\t\t\t\t\t\t<\/a>\n\t\t\t\t\t\t\t\t\t\t\t\t\t\t\t<\/div>\n\t\t\t\t<\/div>\n\t\t\t\t\t<\/div>\n\t\t<\/div>\n\t\t\t\t\t\t\t<\/div>\n\t\t<\/section>\n\t\t\t\t<section data-particle_enable=\"false\" data-particle-mobile-disabled=\"false\" class=\"elementor-section elementor-top-section elementor-element elementor-element-15e1a82 elementor-section-boxed elementor-section-height-default elementor-section-height-default\" data-id=\"15e1a82\" data-element_type=\"section\" data-settings=\"{&quot;background_background&quot;:&quot;classic&quot;}\">\n\t\t\t\t\t\t<div class=\"elementor-container elementor-column-gap-default\">\n\t\t\t\t\t<div class=\"elementor-column elementor-col-50 elementor-top-column elementor-element elementor-element-221f985\" data-id=\"221f985\" data-element_type=\"column\">\n\t\t\t<div class=\"elementor-widget-wrap elementor-element-populated\">\n\t\t\t\t\t\t\t\t<div class=\"elementor-element elementor-element-081d767 elementor-widget elementor-widget-image\" data-id=\"081d767\" data-element_type=\"widget\" data-widget_type=\"image.default\">\n\t\t\t\t<div class=\"elementor-widget-container\">\n\t\t\t\t\t\t\t\t\t\t\t\t\t\t\t\t<a href=\"https:\/\/www.medellin.gov.co\/ndesarrollo\/wp-content\/uploads\/2024\/07\/Acuerdo-003-de-2024-PDD_compressed.pdf\" target=\"_blank\">\n\t\t\t\t\t\t\t<img width=\"1254\" height=\"589\" src=\"\/ndesarrollo\/wp-content\/uploads\/2024\/06\/BOTONNUE2.jpg\" class=\"attachment-full size-full\" alt=\"\" loading=\"lazy\" srcset=\"\/ndesarrollo\/wp-content\/uploads\/2024\/06\/BOTONNUE2.jpg 1254w, \/ndesarrollo\/wp-content\/uploads\/2024\/06\/BOTONNUE2-300x141.jpg 300w, \/ndesarrollo\/wp-content\/uploads\/2024\/06\/BOTONNUE2-1024x481.jpg 1024w, \/ndesarrollo\/wp-content\/uploads\/2024\/06\/BOTONNUE2-768x361.jpg 768w\" sizes=\"(max-width: 1254px) 100vw, 1254px\" \/>\t\t\t\t\t\t\t\t<\/a>\n\t\t\t\t\t\t\t\t\t\t\t\t\t\t\t<\/div>\n\t\t\t\t<\/div>\n\t\t\t\t\t<\/div>\n\t\t<\/div>\n\t\t\t\t<div class=\"elementor-column elementor-col-25 elementor-top-column elementor-element elementor-element-73d2bcb\" data-id=\"73d2bcb\" data-element_type=\"column\">\n\t\t\t<div class=\"elementor-widget-wrap elementor-element-populated\">\n\t\t\t\t\t\t\t\t<div class=\"elementor-element elementor-element-f45cb71 elementor-widget elementor-widget-image\" data-id=\"f45cb71\" data-element_type=\"widget\" data-widget_type=\"image.default\">\n\t\t\t\t<div class=\"elementor-widget-container\">\n\t\t\t\t\t\t\t\t\t\t\t\t\t\t\t\t<a href=\"https:\/\/www.medellin.gov.co\/ndesarrollo\/wp-content\/uploads\/2024\/07\/proyectos-acuerdo-07.pdf\" target=\"_blank\">\n\t\t\t\t\t\t\t<img width=\"589\" height=\"589\" src=\"\/ndesarrollo\/wp-content\/uploads\/2024\/06\/BOTONNUE1.jpg\" class=\"attachment-full size-full\" alt=\"\" loading=\"lazy\" srcset=\"\/ndesarrollo\/wp-content\/uploads\/2024\/06\/BOTONNUE1.jpg 589w, \/ndesarrollo\/wp-content\/uploads\/2024\/06\/BOTONNUE1-300x300.jpg 300w, \/ndesarrollo\/wp-content\/uploads\/2024\/06\/BOTONNUE1-150x150.jpg 150w\" sizes=\"(max-width: 589px) 100vw, 589px\" \/>\t\t\t\t\t\t\t\t<\/a>\n\t\t\t\t\t\t\t\t\t\t\t\t\t\t\t<\/div>\n\t\t\t\t<\/div>\n\t\t\t\t\t<\/div>\n\t\t<\/div>\n\t\t\t\t<div class=\"elementor-column elementor-col-25 elementor-top-column elementor-element elementor-element-d7898ca\" data-id=\"d7898ca\" data-element_type=\"column\">\n\t\t\t<div class=\"elementor-widget-wrap elementor-element-populated\">\n\t\t\t\t\t\t\t\t<div class=\"elementor-element elementor-element-bd4b073 elementor-widget elementor-widget-image\" data-id=\"bd4b073\" data-element_type=\"widget\" data-widget_type=\"image.default\">\n\t\t\t\t<div class=\"elementor-widget-container\">\n\t\t\t\t\t\t\t\t\t\t\t\t\t\t\t\t<a href=\"\/ndesarrollo\/galeria-de-fotos-2024-pdd\/\">\n\t\t\t\t\t\t\t<img width=\"589\" height=\"589\" src=\"\/ndesarrollo\/wp-content\/uploads\/2024\/05\/boton4.jpg\" class=\"attachment-full size-full\" alt=\"\" loading=\"lazy\" srcset=\"\/ndesarrollo\/wp-content\/uploads\/2024\/05\/boton4.jpg 589w, \/ndesarrollo\/wp-content\/uploads\/2024\/05\/boton4-300x300.jpg 300w, \/ndesarrollo\/wp-content\/uploads\/2024\/05\/boton4-150x150.jpg 150w\" sizes=\"(max-width: 589px) 100vw, 589px\" \/>\t\t\t\t\t\t\t\t<\/a>\n\t\t\t\t\t\t\t\t\t\t\t\t\t\t\t<\/div>\n\t\t\t\t<\/div>\n\t\t\t\t\t<\/div>\n\t\t<\/div>\n\t\t\t\t\t\t\t<\/div>\n\t\t<\/section>\n\t\t\t\t\t\t<\/div>\n\t\t\t\t\t<\/div>\n\t\t","protected":false},"excerpt":{"rendered":"<p>Instituciones educativas de primer nivel Los mejores escenarios deportivos para vos Distrito cinema y casas de m\u00fasica Corredores verdes Corredores azules Cerros para vos Casas verticales: centros de atenci\u00f3n social y actividades deportivas y culturales Unidos por el Agua Unidos por el Gas Parques del R\u00edo Norte&nbsp; Metro de la 80 Medell\u00edn blindada: central estrat\u00e9gica &hellip;<\/p>\n<p class=\"read-more\"> <a class=\"\" href=\"\/ndesarrollo\/proyectos-estrategicos-infraestructura\/\"> <span class=\"screen-reader-text\">Proyectos estrat\u00e9gicos infraestructura<\/span> Leer m\u00e1s &raquo;<\/a><\/p>\n","protected":false},"author":1,"featured_media":23563,"parent":0,"menu_order":0,"comment_status":"closed","ping_status":"closed","template":"","meta":{"_mi_skip_tracking":false,"site-sidebar-layout":"no-sidebar","site-content-layout":"page-builder","ast-main-header-display":"","ast-hfb-above-header-display":"","ast-hfb-below-header-display":"","ast-hfb-mobile-header-display":"","site-post-title":"disabled","ast-breadcrumbs-content":"","ast-featured-img":"disabled","footer-sml-layout":"","theme-transparent-header-meta":"default","adv-header-id-meta":"","stick-header-meta":"","header-above-stick-meta":"","header-main-stick-meta":"","header-below-stick-meta":""},"categories":[],"tags":[],"yoast_head":"<!-- This site is optimized with the Yoast SEO plugin v17.4 - https:\/\/yoast.com\/wordpress\/plugins\/seo\/ -->\n<title>Proyectos estrat\u00e9gicos infraestructura - Nuestro Desarrollo<\/title>\n<meta name=\"robots\" content=\"index, follow, max-snippet:-1, max-image-preview:large, max-video-preview:-1\" \/>\n<link rel=\"canonical\" href=\"\/ndesarrollo\/proyectos-estrategicos-infraestructura\/\" \/>\n<meta property=\"og:locale\" content=\"es_ES\" \/>\n<meta property=\"og:type\" content=\"article\" \/>\n<meta property=\"og:title\" content=\"Proyectos estrat\u00e9gicos infraestructura - Nuestro Desarrollo\" \/>\n<meta property=\"og:description\" content=\"Instituciones educativas de primer nivel Los mejores escenarios deportivos para vos Distrito cinema y casas de m\u00fasica Corredores verdes Corredores azules Cerros para vos Casas verticales: centros de atenci\u00f3n social y actividades deportivas y culturales Unidos por el Agua Unidos por el Gas Parques del R\u00edo Norte&nbsp; Metro de la 80 Medell\u00edn blindada: central estrat\u00e9gica &hellip; Proyectos estrat\u00e9gicos infraestructura Leer m\u00e1s &raquo;\" \/>\n<meta property=\"og:url\" content=\"\/ndesarrollo\/proyectos-estrategicos-infraestructura\/\" \/>\n<meta property=\"og:site_name\" content=\"Nuestro Desarrollo\" \/>\n<meta property=\"article:publisher\" content=\"https:\/\/www.facebook.com\/AlcaldiadeMed\" \/>\n<meta property=\"article:modified_time\" content=\"2024-07-31T15:20:14+00:00\" \/>\n<meta property=\"og:image\" content=\"\/ndesarrollo\/wp-content\/uploads\/2024\/05\/banner_2_1200x480.jpg\" \/>\n\t<meta property=\"og:image:width\" content=\"1200\" \/>\n\t<meta property=\"og:image:height\" content=\"480\" \/>\n<meta name=\"twitter:card\" content=\"summary_large_image\" \/>\n<meta name=\"twitter:site\" content=\"@AlcaldiadeMed\" \/>\n<meta name=\"twitter:label1\" content=\"Tiempo de lectura\" \/>\n\t<meta name=\"twitter:data1\" content=\"2 minutos\" \/>\n<script type=\"application\/ld+json\" class=\"yoast-schema-graph\">{\"@context\":\"https:\/\/schema.org\",\"@graph\":[{\"@type\":\"Organization\",\"@id\":\"\/ndesarrollo\/#organization\",\"name\":\"Alcald\\u00eda de Medell\\u00edn\",\"url\":\"\/ndesarrollo\/\",\"sameAs\":[\"https:\/\/www.facebook.com\/AlcaldiadeMed\",\"https:\/\/www.instagram.com\/alcaldiademed\/\",\"https:\/\/www.linkedin.com\/company\/alcaldiademedellin\",\"https:\/\/www.youtube.com\/channel\/UCAFLU70jPz4bODq_5BSWPIg\",\"https:\/\/twitter.com\/AlcaldiadeMed\"],\"logo\":{\"@type\":\"ImageObject\",\"@id\":\"\/ndesarrollo\/#logo\",\"inLanguage\":\"es\",\"url\":\"http:\/\/10.1.222.218\/ndesarrollo\/wp-content\/uploads\/2021\/11\/EscudoIcon.png\",\"contentUrl\":\"http:\/\/10.1.222.218\/ndesarrollo\/wp-content\/uploads\/2021\/11\/EscudoIcon.png\",\"width\":32,\"height\":32,\"caption\":\"Alcald\\u00eda de Medell\\u00edn\"},\"image\":{\"@id\":\"\/ndesarrollo\/#logo\"}},{\"@type\":\"WebSite\",\"@id\":\"\/ndesarrollo\/#website\",\"url\":\"\/ndesarrollo\/\",\"name\":\"Nuestro Desarrollo\",\"description\":\"Nuestro Desarrollo es una plataforma de Planeaci\\u00f3n del Desarrollo Local y Presupuesto Participativo\",\"publisher\":{\"@id\":\"\/ndesarrollo\/#organization\"},\"potentialAction\":[{\"@type\":\"SearchAction\",\"target\":{\"@type\":\"EntryPoint\",\"urlTemplate\":\"\/ndesarrollo\/?s={search_term_string}\"},\"query-input\":\"required name=search_term_string\"}],\"inLanguage\":\"es\"},{\"@type\":\"ImageObject\",\"@id\":\"\/ndesarrollo\/proyectos-estrategicos-infraestructura\/#primaryimage\",\"inLanguage\":\"es\",\"url\":\"\/ndesarrollo\/wp-content\/uploads\/2024\/05\/banner_2_1200x480.jpg\",\"contentUrl\":\"\/ndesarrollo\/wp-content\/uploads\/2024\/05\/banner_2_1200x480.jpg\",\"width\":1200,\"height\":480},{\"@type\":\"WebPage\",\"@id\":\"\/ndesarrollo\/proyectos-estrategicos-infraestructura\/#webpage\",\"url\":\"\/ndesarrollo\/proyectos-estrategicos-infraestructura\/\",\"name\":\"Proyectos estrat\\u00e9gicos infraestructura - Nuestro Desarrollo\",\"isPartOf\":{\"@id\":\"\/ndesarrollo\/#website\"},\"primaryImageOfPage\":{\"@id\":\"\/ndesarrollo\/proyectos-estrategicos-infraestructura\/#primaryimage\"},\"datePublished\":\"2024-06-04T00:08:49+00:00\",\"dateModified\":\"2024-07-31T15:20:14+00:00\",\"breadcrumb\":{\"@id\":\"\/ndesarrollo\/proyectos-estrategicos-infraestructura\/#breadcrumb\"},\"inLanguage\":\"es\",\"potentialAction\":[{\"@type\":\"ReadAction\",\"target\":[\"\/ndesarrollo\/proyectos-estrategicos-infraestructura\/\"]}]},{\"@type\":\"BreadcrumbList\",\"@id\":\"\/ndesarrollo\/proyectos-estrategicos-infraestructura\/#breadcrumb\",\"itemListElement\":[{\"@type\":\"ListItem\",\"position\":1,\"name\":\"Portada\",\"item\":\"\/ndesarrollo\/\"},{\"@type\":\"ListItem\",\"position\":2,\"name\":\"Proyectos estrat\\u00e9gicos infraestructura\"}]}]}<\/script>\n<!-- \/ Yoast SEO plugin. -->","yoast_head_json":{"title":"Proyectos estrat\u00e9gicos infraestructura - Nuestro Desarrollo","robots":{"index":"index","follow":"follow","max-snippet":"max-snippet:-1","max-image-preview":"max-image-preview:large","max-video-preview":"max-video-preview:-1"},"canonical":"\/ndesarrollo\/proyectos-estrategicos-infraestructura\/","og_locale":"es_ES","og_type":"article","og_title":"Proyectos estrat\u00e9gicos infraestructura - Nuestro Desarrollo","og_description":"Instituciones educativas de primer nivel Los mejores escenarios deportivos para vos Distrito cinema y casas de m\u00fasica Corredores verdes Corredores azules Cerros para vos Casas verticales: centros de atenci\u00f3n social y actividades deportivas y culturales Unidos por el Agua Unidos por el Gas Parques del R\u00edo Norte&nbsp; Metro de la 80 Medell\u00edn blindada: central estrat\u00e9gica &hellip; Proyectos estrat\u00e9gicos infraestructura Leer m\u00e1s &raquo;","og_url":"\/ndesarrollo\/proyectos-estrategicos-infraestructura\/","og_site_name":"Nuestro Desarrollo","article_publisher":"https:\/\/www.facebook.com\/AlcaldiadeMed","article_modified_time":"2024-07-31T15:20:14+00:00","og_image":[{"width":1200,"height":480,"url":"\/ndesarrollo\/wp-content\/uploads\/2024\/05\/banner_2_1200x480.jpg","type":"image\/jpeg"}],"twitter_card":"summary_large_image","twitter_site":"@AlcaldiadeMed","twitter_misc":{"Tiempo de lectura":"2 minutos"},"schema":{"@context":"https:\/\/schema.org","@graph":[{"@type":"Organization","@id":"\/ndesarrollo\/#organization","name":"Alcald\u00eda de Medell\u00edn","url":"\/ndesarrollo\/","sameAs":["https:\/\/www.facebook.com\/AlcaldiadeMed","https:\/\/www.instagram.com\/alcaldiademed\/","https:\/\/www.linkedin.com\/company\/alcaldiademedellin","https:\/\/www.youtube.com\/channel\/UCAFLU70jPz4bODq_5BSWPIg","https:\/\/twitter.com\/AlcaldiadeMed"],"logo":{"@type":"ImageObject","@id":"\/ndesarrollo\/#logo","inLanguage":"es","url":"http:\/\/10.1.222.218\/ndesarrollo\/wp-content\/uploads\/2021\/11\/EscudoIcon.png","contentUrl":"http:\/\/10.1.222.218\/ndesarrollo\/wp-content\/uploads\/2021\/11\/EscudoIcon.png","width":32,"height":32,"caption":"Alcald\u00eda de Medell\u00edn"},"image":{"@id":"\/ndesarrollo\/#logo"}},{"@type":"WebSite","@id":"\/ndesarrollo\/#website","url":"\/ndesarrollo\/","name":"Nuestro Desarrollo","description":"Nuestro Desarrollo es una plataforma de Planeaci\u00f3n del Desarrollo Local y Presupuesto Participativo","publisher":{"@id":"\/ndesarrollo\/#organization"},"potentialAction":[{"@type":"SearchAction","target":{"@type":"EntryPoint","urlTemplate":"\/ndesarrollo\/?s={search_term_string}"},"query-input":"required name=search_term_string"}],"inLanguage":"es"},{"@type":"ImageObject","@id":"\/ndesarrollo\/proyectos-estrategicos-infraestructura\/#primaryimage","inLanguage":"es","url":"\/ndesarrollo\/wp-content\/uploads\/2024\/05\/banner_2_1200x480.jpg","contentUrl":"\/ndesarrollo\/wp-content\/uploads\/2024\/05\/banner_2_1200x480.jpg","width":1200,"height":480},{"@type":"WebPage","@id":"\/ndesarrollo\/proyectos-estrategicos-infraestructura\/#webpage","url":"\/ndesarrollo\/proyectos-estrategicos-infraestructura\/","name":"Proyectos estrat\u00e9gicos infraestructura - Nuestro Desarrollo","isPartOf":{"@id":"\/ndesarrollo\/#website"},"primaryImageOfPage":{"@id":"\/ndesarrollo\/proyectos-estrategicos-infraestructura\/#primaryimage"},"datePublished":"2024-06-04T00:08:49+00:00","dateModified":"2024-07-31T15:20:14+00:00","breadcrumb":{"@id":"\/ndesarrollo\/proyectos-estrategicos-infraestructura\/#breadcrumb"},"inLanguage":"es","potentialAction":[{"@type":"ReadAction","target":["\/ndesarrollo\/proyectos-estrategicos-infraestructura\/"]}]},{"@type":"BreadcrumbList","@id":"\/ndesarrollo\/proyectos-estrategicos-infraestructura\/#breadcrumb","itemListElement":[{"@type":"ListItem","position":1,"name":"Portada","item":"\/ndesarrollo\/"},{"@type":"ListItem","position":2,"name":"Proyectos estrat\u00e9gicos infraestructura"}]}]}},"_links":{"self":[{"href":"\/ndesarrollo\/wp-json\/wp\/v2\/pages\/23889"}],"collection":[{"href":"\/ndesarrollo\/wp-json\/wp\/v2\/pages"}],"about":[{"href":"\/ndesarrollo\/wp-json\/wp\/v2\/types\/page"}],"author":[{"embeddable":true,"href":"\/ndesarrollo\/wp-json\/wp\/v2\/users\/1"}],"replies":[{"embeddable":true,"href":"\/ndesarrollo\/wp-json\/wp\/v2\/comments?post=23889"}],"version-history":[{"count":19,"href":"\/ndesarrollo\/wp-json\/wp\/v2\/pages\/23889\/revisions"}],"predecessor-version":[{"id":24231,"href":"\/ndesarrollo\/wp-json\/wp\/v2\/pages\/23889\/revisions\/24231"}],"wp:featuredmedia":[{"embeddable":true,"href":"\/ndesarrollo\/wp-json\/wp\/v2\/media\/23563"}],"wp:attachment":[{"href":"\/ndesarrollo\/wp-json\/wp\/v2\/media?parent=23889"}],"wp:term":[{"taxonomy":"category","embeddable":true,"href":"\/ndesarrollo\/wp-json\/wp\/v2\/categories?post=23889"},{"taxonomy":"post_tag","embeddable":true,"href":"\/ndesarrollo\/wp-json\/wp\/v2\/tags?post=23889"}],"curies":[{"name":"wp","href":"https:\/\/api.w.org\/{rel}","templated":true}]}}